23.234.21.2 - - [23/Apr/2026:12:55:14 +0800] "GET /864217hed4ik.html HTTP/1.1" 301 162 "http://www.baidu.com" "Mozilla/5.0 (Windows NT 10.0; WOW64; Trident/7.0; rv:11.0) like Gecko"
23.234.21.2 - - [23/Apr/2026:12:55:14 +0800] "GET /864217hed4ik.html HTTP/1.1" 404 739 "http://www.baidu.com" "Mozilla/5.0 (Windows NT 10.0; WOW64; Trident/7.0; rv:11.0) like Gecko"
23.234.21.2 - - [23/Apr/2026:12:55:18 +0800] "GET /864217hed4ik.html HTTP/1.1" 301 162 "http://www.baidu.com" "Mozilla/5.0 (Windows NT 10.0; WOW64; Trident/7.0; rv:11.0) like Gecko"
23.234.21.2 - - [23/Apr/2026:12:55:18 +0800] "GET /864217hed4ik.html HTTP/1.1" 404 739 "http://www.baidu.com" "Mozilla/5.0 (Windows NT 10.0; WOW64; Trident/7.0; rv:11.0) like Gecko"
156.235.189.138 - - [23/Apr/2026:12:55:25 +0800] "GET /y2a60r0a4k.html HTTP/1.1" 301 162 "http://www.baidu.com" "Mozilla/5.0 (Windows NT 10.0; WOW64; Trident/7.0; rv:11.0) like Gecko"
156.235.189.138 - - [23/Apr/2026:12:55:25 +0800] "GET /y2a60r0a4k.html HTTP/1.1" 404 739 "http://www.baidu.com" "Mozilla/5.0 (Windows NT 10.0; WOW64; Trident/7.0; rv:11.0) like Gecko"
156.235.189.138 - - [23/Apr/2026:12:55:32 +0800] "GET /y2a60r0a4k.html HTTP/1.1" 301 162 "http://www.baidu.com" "Mozilla/5.0 (Windows NT 10.0; WOW64; Trident/7.0; rv:11.0) like Gecko"
156.235.189.138 - - [23/Apr/2026:12:55:32 +0800] "GET /y2a60r0a4k.html HTTP/1.1" 404 739 "http://www.baidu.com" "Mozilla/5.0 (Windows NT 10.0; WOW64; Trident/7.0; rv:11.0) like Gecko"
113.4.45.213 - - [23/Apr/2026:12:56:04 +0800] "GET /xinwendongtai/734.html HTTP/1.1" 200 4410 "-" "Mozilla/5.0 (Macintosh; Intel Mac OS X 11_1_0) AppleWebKit/537.36 (KHTML, like Gecko) Chrome/88.0.4324.96 Safari/537.36"
156.235.188.166 - - [23/Apr/2026:12:57:09 +0800] "GET /xguckard.html HTTP/1.1" 301 162 "http://www.baidu.com" "Mozilla/5.0 (Windows NT 10.0; WOW64; Trident/7.0; rv:11.0) like Gecko"
156.235.188.166 - - [23/Apr/2026:12:57:09 +0800] "GET /xguckard.html HTTP/1.1" 404 739 "http://www.baidu.com" "Mozilla/5.0 (Windows NT 10.0; WOW64; Trident/7.0; rv:11.0) like Gecko"
156.235.188.166 - - [23/Apr/2026:12:57:18 +0800] "GET /xguckard.html HTTP/1.1" 301 162 "http://www.baidu.com" "Mozilla/5.0 (Windows NT 10.0; WOW64; Trident/7.0; rv:11.0) like Gecko"
156.235.188.166 - - [23/Apr/2026:12:57:18 +0800] "GET /xguckard.html HTTP/1.1" 404 739 "http://www.baidu.com" "Mozilla/5.0 (Windows NT 10.0; WOW64; Trident/7.0; rv:11.0) like Gecko"
183.47.122.233 - - [23/Apr/2026:12:58:03 +0800] "GET /chenggonganli/sdlal/606.html HTTP/1.1" 200 5241 "-" "Mozilla/5.0 (Windows NT 10.0; Win64; x64) AppleWebKit/537.36 (KHTML, like Gecko) Chrome/131.0.0.0 Safari/537.36"
40.77.167.16 - - [23/Apr/2026:12:58:14 +0800] "GET /tzsb/xhrfj/225.html HTTP/2.0" 200 7549 "-" "Mozilla/5.0 AppleWebKit/537.36 (KHTML, like Gecko; compatible; bingbot/2.0; +http://www.bing.com/bingbot.htm) Chrome/116.0.1938.76 Safari/537.36"
27.154.122.96 - - [23/Apr/2026:12:58:28 +0800] "GET /xinwendongtai/737.html HTTP/1.1" 200 4720 "-" "Mozilla/5.0 (Macintosh; Intel Mac OS X 10_10_3) AppleWebKit/537.36 (KHTML, like Gecko) Chrome/65.0.3325.44 Safari/537.36"
177.211.2.106 - - [23/Apr/2026:12:58:34 +0800] "GET /?khemwx.html HTTP/1.1" 301 162 "http://www.baidu.com" "Mozilla/5.0 (Windows NT 10.0; WOW64; Trident/7.0; rv:11.0) like Gecko"
177.211.2.106 - - [23/Apr/2026:12:58:34 +0800] "GET /?khemwx.html HTTP/1.1" 301 5 "http://www.baidu.com" "Mozilla/5.0 (Windows NT 10.0; WOW64; Trident/7.0; rv:11.0) like Gecko"
114.88.151.45 - - [23/Apr/2026:12:58:37 +0800] "GET /suidaolu/sdlhy/ HTTP/1.1" 200 4760 "-" "Mozilla/5.0 (Macintosh; Intel Mac OS X 11_2_1) AppleWebKit/537.36 (KHTML, like Gecko) Brave Chrome/87.0.4280.101 Safari/537.36"
23.234.60.14 - - [23/Apr/2026:12:58:38 +0800] "GET /zonlgwps.html HTTP/1.1" 301 162 "http://www.baidu.com" "Mozilla/5.0 (Windows NT 10.0; WOW64; Trident/7.0; rv:11.0) like Gecko"
23.234.60.14 - - [23/Apr/2026:12:58:38 +0800] "GET /zonlgwps.html HTTP/1.1" 404 739 "http://www.baidu.com" "Mozilla/5.0 (Windows NT 10.0; WOW64; Trident/7.0; rv:11.0) like Gecko"
23.234.60.14 - - [23/Apr/2026:12:58:43 +0800] "GET /zonlgwps.html HTTP/1.1" 301 162 "http://www.baidu.com" "Mozilla/5.0 (Windows NT 10.0; WOW64; Trident/7.0; rv:11.0) like Gecko"
23.234.60.14 - - [23/Apr/2026:12:58:43 +0800] "GET /zonlgwps.html HTTP/1.1" 404 739 "http://www.baidu.com" "Mozilla/5.0 (Windows NT 10.0; WOW64; Trident/7.0; rv:11.0) like Gecko"
23.234.7.166 - - [23/Apr/2026:12:59:02 +0800] "GET /sgfwmyhp.html HTTP/1.1" 301 162 "http://www.baidu.com" "Mozilla/5.0 (Windows NT 10.0; WOW64; Trident/7.0; rv:11.0) like Gecko"
23.234.7.166 - - [23/Apr/2026:12:59:02 +0800] "GET /sgfwmyhp.html HTTP/1.1" 404 739 "http://www.baidu.com" "Mozilla/5.0 (Windows NT 10.0; WOW64; Trident/7.0; rv:11.0) like Gecko"
23.234.7.166 - - [23/Apr/2026:12:59:06 +0800] "GET /sgfwmyhp.html HTTP/1.1" 301 162 "http://www.baidu.com" "Mozilla/5.0 (Windows NT 10.0; WOW64; Trident/7.0; rv:11.0) like Gecko"
23.234.7.166 - - [23/Apr/2026:12:59:06 +0800] "GET /sgfwmyhp.html HTTP/1.1" 404 739 "http://www.baidu.com" "Mozilla/5.0 (Windows NT 10.0; WOW64; Trident/7.0; rv:11.0) like Gecko"
177.211.2.106 - - [23/Apr/2026:12:59:16 +0800] "GET /?khemwx.html HTTP/1.1" 301 162 "http://www.baidu.com" "Mozilla/5.0 (Windows NT 10.0; WOW64; Trident/7.0; rv:11.0) like Gecko"
177.211.2.106 - - [23/Apr/2026:12:59:16 +0800] "GET /?khemwx.html HTTP/1.1" 301 5 "http://www.baidu.com" "Mozilla/5.0 (Windows NT 10.0; WOW64; Trident/7.0; rv:11.0) like Gecko"
177.211.2.106 - - [23/Apr/2026:12:59:53 +0800] "GET /?upxqft.html HTTP/1.1" 301 162 "http://www.baidu.com" "Mozilla/5.0 (Windows NT 10.0; WOW64; Trident/7.0; rv:11.0) like Gecko"
177.211.2.106 - - [23/Apr/2026:12:59:54 +0800] "GET /?upxqft.html HTTP/1.1" 301 5 "http://www.baidu.com" "Mozilla/5.0 (Windows NT 10.0; WOW64; Trident/7.0; rv:11.0) like Gecko"
177.211.2.106 - - [23/Apr/2026:13:00:34 +0800] "GET /?upxqft.html HTTP/1.1" 301 162 "http://www.baidu.com" "Mozilla/5.0 (Windows NT 10.0; WOW64; Trident/7.0; rv:11.0) like Gecko"
177.211.2.106 - - [23/Apr/2026:13:00:34 +0800] "GET /?upxqft.html HTTP/1.1" 301 5 "http://www.baidu.com" "Mozilla/5.0 (Windows NT 10.0; WOW64; Trident/7.0; rv:11.0) like Gecko"
23.234.28.26 - - [23/Apr/2026:13:00:41 +0800] "GET /oyuklame.html HTTP/1.1" 301 162 "http://www.baidu.com" "Mozilla/5.0 (Windows NT 10.0; WOW64; Trident/7.0; rv:11.0) like Gecko"
23.234.28.26 - - [23/Apr/2026:13:00:41 +0800] "GET /oyuklame.html HTTP/1.1" 404 739 "http://www.baidu.com" "Mozilla/5.0 (Windows NT 10.0; WOW64; Trident/7.0; rv:11.0) like Gecko"
23.234.28.26 - - [23/Apr/2026:13:00:44 +0800] "GET /oyuklame.html HTTP/1.1" 301 162 "http://www.baidu.com" "Mozilla/5.0 (Windows NT 10.0; WOW64; Trident/7.0; rv:11.0) like Gecko"
23.234.28.26 - - [23/Apr/2026:13:00:44 +0800] "GET /oyuklame.html HTTP/1.1" 404 739 "http://www.baidu.com" "Mozilla/5.0 (Windows NT 10.0; WOW64; Trident/7.0; rv:11.0) like Gecko"
116.204.76.128 - - [23/Apr/2026:13:01:20 +0800] "GET /suidaolu/sdlpz/suidaolu/sdlpz/gyqxsb/355.html HTTP/1.1" 301 162 "-" "Mozilla/5.0 (Macintosh; Intel Mac OS X 10_15_7) AppleWebKit/537.36 (KHTML, like Gecko) Chrome/145.0.0.0 Safari/537.36"
117.80.140.143 - - [23/Apr/2026:13:01:20 +0800] "GET /gdadmin8/login.php?gotopage=%2Fgdadmin8%2F HTTP/2.0" 200 1207 "-" "Mozilla/5.0 (Windows NT 10.0; Win64; x64) AppleWebKit/537.36 (KHTML, like Gecko) Chrome/147.0.0.0 Safari/537.36 Edg/147.0.0.0"
117.80.140.143 - - [23/Apr/2026:13:01:20 +0800] "GET /include/vdimgck.php HTTP/2.0" 200 1424 "https://www.shgd123.com/gdadmin8/login.php?gotopage=%2Fgdadmin8%2F" "Mozilla/5.0 (Windows NT 10.0; Win64; x64) AppleWebKit/537.36 (KHTML, like Gecko) Chrome/147.0.0.0 Safari/537.36 Edg/147.0.0.0"
116.204.76.128 - - [23/Apr/2026:13:01:20 +0800] "GET /suidaolu/sdlpz/suidaolu/sdlpz/gyqxsb/355.html HTTP/2.0" 200 9052 "-" "Mozilla/5.0 (Macintosh; Intel Mac OS X 10_15_7) AppleWebKit/537.36 (KHTML, like Gecko) Chrome/145.0.0.0 Safari/537.36"
117.80.140.143 - - [23/Apr/2026:13:01:20 +0800] "GET /gdadmin8/login.php?dopost=showad HTTP/2.0" 200 417 "https://www.shgd123.com/gdadmin8/login.php?gotopage=%2Fgdadmin8%2F" "Mozilla/5.0 (Windows NT 10.0; Win64; x64) AppleWebKit/537.36 (KHTML, like Gecko) Chrome/147.0.0.0 Safari/537.36 Edg/147.0.0.0"
106.52.146.234 - - [23/Apr/2026:13:01:54 +0800] "GET /xinwendongtai/665.html HTTP/1.1" 200 4461 "-" "Mozilla/5.0 (Macintosh; Intel Mac OS X 10_15_7) AppleWebKit/537.36 (KHTML, like Gecko) Chrome/140.0.0.0 newsai/1.0 Safari/537.36"
156.235.188.166 - - [23/Apr/2026:13:02:31 +0800] "GET /almnrets.html HTTP/1.1" 301 162 "http://www.baidu.com" "Mozilla/5.0 (Windows NT 10.0; WOW64; Trident/7.0; rv:11.0) like Gecko"
156.235.188.166 - - [23/Apr/2026:13:02:31 +0800] "GET /almnrets.html HTTP/1.1" 404 739 "http://www.baidu.com" "Mozilla/5.0 (Windows NT 10.0; WOW64; Trident/7.0; rv:11.0) like Gecko"
156.235.188.166 - - [23/Apr/2026:13:02:43 +0800] "GET /almnrets.html HTTP/1.1" 301 162 "http://www.baidu.com" "Mozilla/5.0 (Windows NT 10.0; WOW64; Trident/7.0; rv:11.0) like Gecko"
156.235.188.166 - - [23/Apr/2026:13:02:43 +0800] "GET /almnrets.html HTTP/1.1" 404 739 "http://www.baidu.com" "Mozilla/5.0 (Windows NT 10.0; WOW64; Trident/7.0; rv:11.0) like Gecko"
154.85.196.218 - - [23/Apr/2026:13:02:45 +0800] "GET /utaqplve.html HTTP/1.1" 301 162 "http://www.baidu.com" "Mozilla/5.0 (Windows NT 10.0; WOW64; Trident/7.0; rv:11.0) like Gecko"
154.85.196.218 - - [23/Apr/2026:13:02:45 +0800] "GET /utaqplve.html HTTP/1.1" 404 739 "http://www.baidu.com" "Mozilla/5.0 (Windows NT 10.0; WOW64; Trident/7.0; rv:11.0) like Gecko"
154.85.196.218 - - [23/Apr/2026:13:02:57 +0800] "GET /utaqplve.html HTTP/1.1" 301 162 "http://www.baidu.com" "Mozilla/5.0 (Windows NT 10.0; WOW64; Trident/7.0; rv:11.0) like Gecko"
154.85.196.218 - - [23/Apr/2026:13:02:57 +0800] "GET /utaqplve.html HTTP/1.1" 404 739 "http://www.baidu.com" "Mozilla/5.0 (Windows NT 10.0; WOW64; Trident/7.0; rv:11.0) like Gecko"
157.148.43.106 - - [23/Apr/2026:13:02:59 +0800] "GET /xinwendongtai/103.html HTTP/1.1" 200 4090 "-" "Mozilla/5.0 (Windows NT 10.0; Win64; x64) AppleWebKit/537.36 (KHTML, like Gecko) Chrome/116.0.0.0 Safari/537.36"
183.60.87.186 - - [23/Apr/2026:13:03:00 +0800] "GET /plus/count.php?view=yes&aid=103&mid=1 HTTP/1.1" 200 55 "https://shgd123.com/xinwendongtai/103.html" "Mozilla/5.0 (Windows NT 10.0; Win64; x64) AppleWebKit/537.36 (KHTML, like Gecko) Chrome/116.0.0.0 Safari/537.36"
23.234.21.2 - - [23/Apr/2026:13:03:01 +0800] "GET /637801vywomu.html HTTP/1.1" 301 162 "http://www.baidu.com" "Mozilla/5.0 (Windows NT 10.0; WOW64; Trident/7.0; rv:11.0) like Gecko"
23.234.21.2 - - [23/Apr/2026:13:03:01 +0800] "GET /637801vywomu.html HTTP/1.1" 404 739 "http://www.baidu.com" "Mozilla/5.0 (Windows NT 10.0; WOW64; Trident/7.0; rv:11.0) like Gecko"
23.234.21.2 - - [23/Apr/2026:13:03:05 +0800] "GET /637801vywomu.html HTTP/1.1" 301 162 "http://www.baidu.com" "Mozilla/5.0 (Windows NT 10.0; WOW64; Trident/7.0; rv:11.0) like Gecko"
23.234.21.2 - - [23/Apr/2026:13:03:05 +0800] "GET /637801vywomu.html HTTP/1.1" 404 739 "http://www.baidu.com" "Mozilla/5.0 (Windows NT 10.0; WOW64; Trident/7.0; rv:11.0) like Gecko"
23.234.7.166 - - [23/Apr/2026:13:03:13 +0800] "GET /fhnrqlxm.html HTTP/1.1" 301 162 "http://www.baidu.com" "Mozilla/5.0 (Windows NT 10.0; WOW64; Trident/7.0; rv:11.0) like Gecko"
23.234.7.166 - - [23/Apr/2026:13:03:13 +0800] "GET /fhnrqlxm.html HTTP/1.1" 404 739 "http://www.baidu.com" "Mozilla/5.0 (Windows NT 10.0; WOW64; Trident/7.0; rv:11.0) like Gecko"
23.234.7.166 - - [23/Apr/2026:13:03:17 +0800] "GET /fhnrqlxm.html HTTP/1.1" 301 162 "http://www.baidu.com" "Mozilla/5.0 (Windows NT 10.0; WOW64; Trident/7.0; rv:11.0) like Gecko"
23.234.7.166 - - [23/Apr/2026:13:03:17 +0800] "GET /fhnrqlxm.html HTTP/1.1" 404 739 "http://www.baidu.com" "Mozilla/5.0 (Windows NT 10.0; WOW64; Trident/7.0; rv:11.0) like Gecko"
101.132.83.153 - - [23/Apr/2026:13:03:51 +0800] "GET /wentijieda HTTP/1.0" 301 162 "-" "Mozilla/5.0 (Linux; Android 8.0.0; SM-G955U Build/R16NW) AppleWebKit/537.36 (KHTML, like Gecko) Chrome/87.0.4280.141 Mobile Safari/537.36"
101.132.83.153 - - [23/Apr/2026:13:03:51 +0800] "GET /wentijieda HTTP/1.0" 301 162 "-" "Mozilla/5.0 (Linux; Android 8.0.0; SM-G955U Build/R16NW) AppleWebKit/537.36 (KHTML, like Gecko) Chrome/87.0.4280.141 Mobile Safari/537.36"
101.132.83.153 - - [23/Apr/2026:13:03:51 +0800] "GET /wentijieda/ HTTP/1.0" 200 12337 "-" "Mozilla/5.0 (Linux; Android 8.0.0; SM-G955U Build/R16NW) AppleWebKit/537.36 (KHTML, like Gecko) Chrome/87.0.4280.141 Mobile Safari/537.36"
43.135.182.95 - - [23/Apr/2026:13:04:20 +0800] "GET /jqr/hjmd/217.html HTTP/1.1" 200 7812 "-" "Mozilla/5.0 (iPhone; CPU iPhone OS 13_2_3 like Mac OS X) AppleWebKit/605.1.15 (KHTML, like Gecko) Version/13.0.3 Mobile/15E148 Safari/604.1"
154.80.255.182 - - [23/Apr/2026:13:04:45 +0800] "GET /dzcsfpau.html HTTP/1.1" 301 162 "http://www.baidu.com" "Mozilla/5.0 (Windows NT 10.0; WOW64; Trident/7.0; rv:11.0) like Gecko"
154.80.255.182 - - [23/Apr/2026:13:04:46 +0800] "GET /dzcsfpau.html HTTP/1.1" 404 739 "http://www.baidu.com" "Mozilla/5.0 (Windows NT 10.0; WOW64; Trident/7.0; rv:11.0) like Gecko"
154.80.255.182 - - [23/Apr/2026:13:04:51 +0800] "GET /dzcsfpau.html HTTP/1.1" 301 162 "http://www.baidu.com" "Mozilla/5.0 (Windows NT 10.0; WOW64; Trident/7.0; rv:11.0) like Gecko"
154.80.255.182 - - [23/Apr/2026:13:04:51 +0800] "GET /dzcsfpau.html HTTP/1.1" 404 739 "http://www.baidu.com" "Mozilla/5.0 (Windows NT 10.0; WOW64; Trident/7.0; rv:11.0) like Gecko"
116.204.111.119 - - [23/Apr/2026:13:05:14 +0800] "GET /suidaolu/list_109_3.html HTTP/1.1" 301 162 "-" "Mozilla/5.0 (Macintosh; Intel Mac OS X 10_15_7) AppleWebKit/537.36 (KHTML, like Gecko) Chrome/144.0.0.0 Safari/537.36"
116.204.111.119 - - [23/Apr/2026:13:05:14 +0800] "GET /suidaolu/list_109_3.html HTTP/2.0" 200 4771 "-" "Mozilla/5.0 (Macintosh; Intel Mac OS X 10_15_7) AppleWebKit/537.36 (KHTML, like Gecko) Chrome/144.0.0.0 Safari/537.36"
156.235.189.138 - - [23/Apr/2026:13:05:42 +0800] "GET /zj12uol65g.html HTTP/1.1" 301 162 "http://www.baidu.com" "Mozilla/5.0 (Windows NT 10.0; WOW64; Trident/7.0; rv:11.0) like Gecko"
156.235.189.138 - - [23/Apr/2026:13:05:42 +0800] "GET /zj12uol65g.html HTTP/1.1" 404 739 "http://www.baidu.com" "Mozilla/5.0 (Windows NT 10.0; WOW64; Trident/7.0; rv:11.0) like Gecko"
156.235.189.138 - - [23/Apr/2026:13:05:46 +0800] "GET /zj12uol65g.html HTTP/1.1" 301 162 "http://www.baidu.com" "Mozilla/5.0 (Windows NT 10.0; WOW64; Trident/7.0; rv:11.0) like Gecko"
156.235.189.138 - - [23/Apr/2026:13:05:46 +0800] "GET /zj12uol65g.html HTTP/1.1" 404 739 "http://www.baidu.com" "Mozilla/5.0 (Windows NT 10.0; WOW64; Trident/7.0; rv:11.0) like Gecko"
112.86.225.42 - - [23/Apr/2026:13:06:03 +0800] "GET /xinwendongtai/680.html HTTP/1.1" 200 4409 "-" "Sogou web spider/4.0(+http://www.sogou.com/docs/help/webmasters.htm#07)"
154.85.204.110 - - [23/Apr/2026:13:06:09 +0800] "GET /064579fzojwq.html HTTP/1.1" 301 162 "http://www.baidu.com" "Mozilla/5.0 (Windows NT 10.0; WOW64; Trident/7.0; rv:11.0) like Gecko"
154.85.204.110 - - [23/Apr/2026:13:06:09 +0800] "GET /064579fzojwq.html HTTP/1.1" 404 739 "http://www.baidu.com" "Mozilla/5.0 (Windows NT 10.0; WOW64; Trident/7.0; rv:11.0) like Gecko"
216.244.66.229 - - [23/Apr/2026:13:06:14 +0800] "GET /hongxiang/hxhy/list_137_3.html HTTP/1.1" 200 16414 "-" "Mozilla/5.0 (compatible; DotBot/1.2; +https://opensiteexplorer.org/dotbot; help@moz.com)"
154.85.204.110 - - [23/Apr/2026:13:06:23 +0800] "GET /064579fzojwq.html HTTP/1.1" 301 162 "http://www.baidu.com" "Mozilla/5.0 (Windows NT 10.0; WOW64; Trident/7.0; rv:11.0) like Gecko"
154.85.204.110 - - [23/Apr/2026:13:06:23 +0800] "GET /064579fzojwq.html HTTP/1.1" 404 739 "http://www.baidu.com" "Mozilla/5.0 (Windows NT 10.0; WOW64; Trident/7.0; rv:11.0) like Gecko"
23.234.60.14 - - [23/Apr/2026:13:06:37 +0800] "GET /wnopjaye.html HTTP/1.1" 301 162 "http://www.baidu.com" "Mozilla/5.0 (Windows NT 10.0; WOW64; Trident/7.0; rv:11.0) like Gecko"
23.234.60.14 - - [23/Apr/2026:13:06:38 +0800] "GET /wnopjaye.html HTTP/1.1" 404 739 "http://www.baidu.com" "Mozilla/5.0 (Windows NT 10.0; WOW64; Trident/7.0; rv:11.0) like Gecko"
93.123.109.214 - - [23/Apr/2026:13:06:58 +0800] "GET / HTTP/1.1" 301 5 "-" "Mozilla/5.0 (Windows NT 10.0; Win64; x64; rv:133.0) Gecko/20100101 Firefox/133.0"
93.123.109.214 - - [23/Apr/2026:13:06:59 +0800] "GET /index.html HTTP/1.1" 200 11066 "https://shgd123.com" "Mozilla/5.0 (Windows NT 10.0; Win64; x64; rv:133.0) Gecko/20100101 Firefox/133.0"
93.123.109.214 - - [23/Apr/2026:13:06:59 +0800] "GET /.env HTTP/1.1" 404 739 "-" "Mozilla/5.0 (X11; Linux x86_64) AppleWebKit/537.36 (KHTML, like Gecko) Chrome/131.0.0.0 Safari/537.36"
93.123.109.214 - - [23/Apr/2026:13:07:00 +0800] "GET /%22/templets/moban/style/jquery.jslides.js%22 HTTP/1.1" 404 739 "-" "Mozilla/5.0 (X11; Linux x86_64) AppleWebKit/537.36 (KHTML, like Gecko) Chrome/131.0.0.0 Safari/537.36"
93.123.109.214 - - [23/Apr/2026:13:07:00 +0800] "GET /%22/templets/moban/js/superslide.2.1.js%22 HTTP/1.1" 404 739 "-" "Mozilla/5.0 (Macintosh; Intel Mac OS X 10_15_7) AppleWebKit/537.36 (KHTML, like Gecko) Chrome/131.0.0.0 Safari/537.36"
93.123.109.214 - - [23/Apr/2026:13:07:00 +0800] "GET /%22/templets/moban/style/jquery.js%22 HTTP/1.1" 404 739 "-" "Mozilla/5.0 (X11; Linux x86_64) AppleWebKit/537.36 (KHTML, like Gecko) Chrome/131.0.0.0 Safari/537.36"
93.123.109.214 - - [23/Apr/2026:13:07:00 +0800] "GET /%22/templets/moban/style/jquery.min.js%22 HTTP/1.1" 404 739 "-" "Mozilla/5.0 (Windows NT 10.0; Win64; x64) AppleWebKit/537.36 (KHTML, like Gecko) Chrome/131.0.0.0 Safari/537.36"
93.123.109.214 - - [23/Apr/2026:13:07:00 +0800] "GET /%22/templets/moban/style/common.js%22 HTTP/1.1" 404 739 "-" "Mozilla/5.0 (Macintosh; Intel Mac OS X 10_15_7) AppleWebKit/537.36 (KHTML, like Gecko) Chrome/131.0.0.0 Safari/537.36"
93.123.109.214 - - [23/Apr/2026:13:07:00 +0800] "GET /%22/templets/moban/style/jquery.min_shouye.js%22 HTTP/1.1" 404 739 "-" "Mozilla/5.0 (X11; Linux x86_64) AppleWebKit/537.36 (KHTML, like Gecko) Chrome/131.0.0.0 Safari/537.36"
93.123.109.214 - - [23/Apr/2026:13:07:00 +0800] "GET /%22/templets/moban/style/require.js%22 HTTP/1.1" 404 739 "-" "Mozilla/5.0 (X11; Linux x86_64) AppleWebKit/537.36 (KHTML, like Gecko) Chrome/131.0.0.0 Safari/537.36"
93.123.109.214 - - [23/Apr/2026:13:07:00 +0800] "GET /.env.bak HTTP/1.1" 404 739 "-" "Mozilla/5.0 (X11; Linux x86_64) AppleWebKit/537.36 (KHTML, like Gecko) Chrome/131.0.0.0 Safari/537.36"
93.123.109.214 - - [23/Apr/2026:13:07:00 +0800] "GET /%22/templets/moban/style/lrtk.js%22 HTTP/1.1" 404 739 "-" "Mozilla/5.0 (Windows NT 10.0; Win64; x64) AppleWebKit/537.36 (KHTML, like Gecko) Chrome/131.0.0.0 Safari/537.36"
93.123.109.214 - - [23/Apr/2026:13:07:00 +0800] "GET /%22/templets/moban/style/jquery-1.8.0.min.js%22 HTTP/1.1" 404 739 "-" "Mozilla/5.0 (X11; Linux x86_64) AppleWebKit/537.36 (KHTML, like Gecko) Chrome/131.0.0.0 Safari/537.36"
93.123.109.214 - - [23/Apr/2026:13:07:00 +0800] "GET /%22/templets/moban/style/js.js%22 HTTP/1.1" 404 739 "-" "Mozilla/5.0 (Windows NT 10.0; Win64; x64; rv:133.0) Gecko/20100101 Firefox/133.0"
93.123.109.214 - - [23/Apr/2026:13:07:00 +0800] "GET /%22/templets/moban/style/tab1.js%22 HTTP/1.1" 404 739 "-" "Mozilla/5.0 (Windows NT 10.0; Win64; x64) AppleWebKit/537.36 (KHTML, like Gecko) Chrome/131.0.0.0 Safari/537.36"
93.123.109.214 - - [23/Apr/2026:13:07:00 +0800] "GET /%22/templets/moban/js/jquery.js%22 HTTP/1.1" 404 739 "-" "Mozilla/5.0 (X11; Linux x86_64) AppleWebKit/537.36 (KHTML, like Gecko) Chrome/131.0.0.0 Safari/537.36"
93.123.109.214 - - [23/Apr/2026:13:07:00 +0800] "GET /%22/templets/moban/style/swfobjectvideo.js%22 HTTP/1.1" 404 739 "-" "Mozilla/5.0 (Windows NT 10.0; Win64; x64; rv:133.0) Gecko/20100101 Firefox/133.0"
93.123.109.214 - - [23/Apr/2026:13:07:00 +0800] "GET /%22/templets/moban/style/crusher_article.js%22 HTTP/1.1" 404 739 "-" "Mozilla/5.0 (Macintosh; Intel Mac OS X 10_15_7) AppleWebKit/537.36 (KHTML, like Gecko) Chrome/131.0.0.0 Safari/537.36"
93.123.109.214 - - [23/Apr/2026:13:07:00 +0800] "GET /.env.save HTTP/1.1" 404 739 "-" "Mozilla/5.0 (Macintosh; Intel Mac OS X 10_15_7) AppleWebKit/537.36 (KHTML, like Gecko) Chrome/131.0.0.0 Safari/537.36"
93.123.109.214 - - [23/Apr/2026:13:07:01 +0800] "GET /.env.local HTTP/1.1" 404 739 "-" "Mozilla/5.0 (Windows NT 10.0; Win64; x64) AppleWebKit/537.36 (KHTML, like Gecko) Chrome/131.0.0.0 Safari/537.36"
93.123.109.214 - - [23/Apr/2026:13:07:01 +0800] "GET /backend/.env HTTP/1.1" 404 739 "-" "Mozilla/5.0 (Windows NT 10.0; Win64; x64; rv:133.0) Gecko/20100101 Firefox/133.0"
93.123.109.214 - - [23/Apr/2026:13:07:01 +0800] "GET /%22/templets/moban/style/jquery-1.7.2.js%22 HTTP/1.1" 404 739 "-" "Mozilla/5.0 (X11; Linux x86_64) AppleWebKit/537.36 (KHTML, like Gecko) Chrome/131.0.0.0 Safari/537.36"
93.123.109.214 - - [23/Apr/2026:13:07:01 +0800] "GET /admin/.env HTTP/1.1" 404 739 "-" "Mozilla/5.0 (Windows NT 10.0; Win64; x64; rv:133.0) Gecko/20100101 Firefox/133.0"
93.123.109.214 - - [23/Apr/2026:13:07:01 +0800] "GET /.git/config HTTP/1.1" 404 739 "-" "Mozilla/5.0 (Windows NT 10.0; Win64; x64; rv:133.0) Gecko/20100101 Firefox/133.0"
93.123.109.214 - - [23/Apr/2026:13:07:02 +0800] "GET /wp-config.php HTTP/1.1" 404 739 "-" "Mozilla/5.0 (Windows NT 10.0; Win64; x64; rv:133.0) Gecko/20100101 Firefox/133.0"
93.123.109.214 - - [23/Apr/2026:13:07:02 +0800] "GET /wp-config.php.old HTTP/1.1" 403 776 "-" "Mozilla/5.0 (X11; Linux x86_64) AppleWebKit/537.36 (KHTML, like Gecko) Chrome/131.0.0.0 Safari/537.36"
93.123.109.214 - - [23/Apr/2026:13:07:02 +0800] "GET /config.php HTTP/1.1" 404 739 "-" "Mozilla/5.0 (Windows NT 10.0; Win64; x64) AppleWebKit/537.36 (KHTML, like Gecko) Chrome/131.0.0.0 Safari/537.36"
93.123.109.214 - - [23/Apr/2026:13:07:03 +0800] "GET /config.php.bak HTTP/1.1" 403 776 "-" "Mozilla/5.0 (Macintosh; Intel Mac OS X 10_15_7) AppleWebKit/537.36 (KHTML, like Gecko) Chrome/131.0.0.0 Safari/537.36"
93.123.109.214 - - [23/Apr/2026:13:07:03 +0800] "GET /config.js HTTP/1.1" 404 739 "-" "Mozilla/5.0 (Macintosh; Intel Mac OS X 10_15_7) AppleWebKit/537.36 (KHTML, like Gecko) Chrome/131.0.0.0 Safari/537.36"
93.123.109.214 - - [23/Apr/2026:13:07:03 +0800] "GET /aws-config.js HTTP/1.1" 404 739 "-" "Mozilla/5.0 (Macintosh; Intel Mac OS X 10_15_7) AppleWebKit/537.36 (KHTML, like Gecko) Chrome/131.0.0.0 Safari/537.36"
93.123.109.214 - - [23/Apr/2026:13:07:04 +0800] "GET /aws.config.js HTTP/1.1" 404 739 "-" "Mozilla/5.0 (Windows NT 10.0; Win64; x64) AppleWebKit/537.36 (KHTML, like Gecko) Chrome/131.0.0.0 Safari/537.36"
93.123.109.214 - - [23/Apr/2026:13:07:04 +0800] "GET /phpinfo.php HTTP/1.1" 404 739 "-" "Mozilla/5.0 (Macintosh; Intel Mac OS X 10_15_7) AppleWebKit/537.36 (KHTML, like Gecko) Chrome/131.0.0.0 Safari/537.36"
93.123.109.214 - - [23/Apr/2026:13:07:04 +0800] "GET /.git/HEAD HTTP/1.1" 404 739 "-" "Mozilla/5.0 (Macintosh; Intel Mac OS X 10_15_7) AppleWebKit/537.36 (KHTML, like Gecko) Chrome/131.0.0.0 Safari/537.36"
93.123.109.214 - - [23/Apr/2026:13:07:04 +0800] "GET /.git/config HTTP/1.1" 404 739 "-" "Mozilla/5.0 (Windows NT 10.0; Win64; x64) AppleWebKit/537.36 (KHTML, like Gecko) Chrome/131.0.0.0 Safari/537.36"
23.234.7.166 - - [23/Apr/2026:13:07:23 +0800] "GET /cknbgomr.html HTTP/1.1" 301 162 "http://www.baidu.com" "Mozilla/5.0 (Windows NT 10.0; WOW64; Trident/7.0; rv:11.0) like Gecko"
23.234.7.166 - - [23/Apr/2026:13:07:24 +0800] "GET /cknbgomr.html HTTP/1.1" 404 739 "http://www.baidu.com" "Mozilla/5.0 (Windows NT 10.0; WOW64; Trident/7.0; rv:11.0) like Gecko"
23.234.7.166 - - [23/Apr/2026:13:07:26 +0800] "GET /cknbgomr.html HTTP/1.1" 301 162 "http://www.baidu.com" "Mozilla/5.0 (Windows NT 10.0; WOW64; Trident/7.0; rv:11.0) like Gecko"
23.234.7.166 - - [23/Apr/2026:13:07:26 +0800] "GET /cknbgomr.html HTTP/1.1" 404 739 "http://www.baidu.com" "Mozilla/5.0 (Windows NT 10.0; WOW64; Trident/7.0; rv:11.0) like Gecko"
23.234.60.14 - - [23/Apr/2026:13:07:46 +0800] "GET /wnopjaye.html HTTP/1.1" 301 162 "http://www.baidu.com" "Mozilla/5.0 (Windows NT 10.0; WOW64; Trident/7.0; rv:11.0) like Gecko"
23.234.60.14 - - [23/Apr/2026:13:07:46 +0800] "GET /wnopjaye.html HTTP/1.1" 404 739 "http://www.baidu.com" "Mozilla/5.0 (Windows NT 10.0; WOW64; Trident/7.0; rv:11.0) like Gecko"
220.113.213.84 - - [23/Apr/2026:13:08:00 +0800] "GET / HTTP/1.1" 301 5 "-" "Mozilla/5.0 (Macintosh; Intel Mac OS X 10_15_7) AppleWebKit/537.36 (KHTML, like Gecko) Chrome/85.0.4183.102 Safari/537.36"
220.113.213.84 - - [23/Apr/2026:13:08:00 +0800] "GET /index.html HTTP/1.1" 200 11066 "-" "Mozilla/5.0 (Macintosh; Intel Mac OS X 10_15_7) AppleWebKit/537.36 (KHTML, like Gecko) Chrome/85.0.4183.102 Safari/537.36"
117.80.140.143 - - [23/Apr/2026:13:08:29 +0800] "POST /gdadmin8/login.php HTTP/2.0" 200 690 "https://www.shgd123.com/gdadmin8/login.php?gotopage=%2Fgdadmin8%2F" "Mozilla/5.0 (Windows NT 10.0; Win64; x64) AppleWebKit/537.36 (KHTML, like Gecko) Chrome/147.0.0.0 Safari/537.36 Edg/147.0.0.0"
117.80.140.143 - - [23/Apr/2026:13:08:30 +0800] "GET /gdadmin8/ HTTP/2.0" 200 3823 "https://www.shgd123.com/gdadmin8/login.php" "Mozilla/5.0 (Windows NT 10.0; Win64; x64) AppleWebKit/537.36 (KHTML, like Gecko) Chrome/147.0.0.0 Safari/537.36 Edg/147.0.0.0"
117.80.140.143 - - [23/Apr/2026:13:08:30 +0800] "GET /gdadmin8/index_body.php HTTP/2.0" 404 727 "https://www.shgd123.com/gdadmin8/" "Mozilla/5.0 (Windows NT 10.0; Win64; x64) AppleWebKit/537.36 (KHTML, like Gecko) Chrome/147.0.0.0 Safari/537.36 Edg/147.0.0.0"
117.80.140.143 - - [23/Apr/2026:13:08:30 +0800] "GET /gdadmin8/index_menu.php HTTP/2.0" 200 2433 "https://www.shgd123.com/gdadmin8/" "Mozilla/5.0 (Windows NT 10.0; Win64; x64) AppleWebKit/537.36 (KHTML, like Gecko) Chrome/147.0.0.0 Safari/537.36 Edg/147.0.0.0"
1.198.238.13 - - [23/Apr/2026:13:08:34 +0800] "GET /jymxmfn.html HTTP/1.1" 301 162 "-" "Mozilla/5.0 (Windows NT 6.1) AppleWebKit/537.36 (KHTML, like Gecko) Chrome/90.0.4430.93 Safari/537.36"
1.198.238.13 - - [23/Apr/2026:13:08:35 +0800] "GET /jymxmfn.html HTTP/1.1" 404 739 "-" "Mozilla/5.0 (Windows NT 6.1) AppleWebKit/537.36 (KHTML, like Gecko) Chrome/90.0.4430.93 Safari/537.36"
177.211.2.106 - - [23/Apr/2026:13:08:35 +0800] "GET /205314domja0.html HTTP/1.1" 301 162 "http://www.baidu.com" "Mozilla/5.0 (Windows NT 10.0; WOW64; Trident/7.0; rv:11.0) like Gecko"
177.211.2.106 - - [23/Apr/2026:13:08:36 +0800] "GET /205314domja0.html HTTP/1.1" 404 739 "http://www.baidu.com" "Mozilla/5.0 (Windows NT 10.0; WOW64; Trident/7.0; rv:11.0) like Gecko"
177.211.2.106 - - [23/Apr/2026:13:08:43 +0800] "GET /205314domja0.html HTTP/1.1" 301 162 "http://www.baidu.com" "Mozilla/5.0 (Windows NT 10.0; WOW64; Trident/7.0; rv:11.0) like Gecko"
177.211.2.106 - - [23/Apr/2026:13:08:43 +0800] "GET /205314domja0.html HTTP/1.1" 404 739 "http://www.baidu.com" "Mozilla/5.0 (Windows NT 10.0; WOW64; Trident/7.0; rv:11.0) like Gecko"
45.148.10.120 - - [23/Apr/2026:13:08:58 +0800] "GET /.git/config HTTP/1.1" 403 776 "-" "Lynx/2.8.7dev.4 libwww-FM/2.14 SSL-MM/1.4.1 OpenSSL/0.9.8d"
117.80.140.143 - - [23/Apr/2026:13:09:15 +0800] "GET /gdadmin8/content_list.php?channelid=17 HTTP/2.0" 200 4813 "https://www.shgd123.com/gdadmin8/index_menu.php" "Mozilla/5.0 (Windows NT 10.0; Win64; x64) AppleWebKit/537.36 (KHTML, like Gecko) Chrome/147.0.0.0 Safari/537.36 Edg/147.0.0.0"
117.80.140.143 - - [23/Apr/2026:13:09:15 +0800] "GET /gdadmin8/content_list.php?channelid=17 HTTP/2.0" 200 4813 "https://www.shgd123.com/gdadmin8/content_list.php?channelid=17" "Mozilla/5.0 (Windows NT 10.0; Win64; x64) AppleWebKit/537.36 (KHTML, like Gecko) Chrome/147.0.0.0 Safari/537.36 Edg/147.0.0.0"
117.80.140.143 - - [23/Apr/2026:13:09:16 +0800] "GET /gdadmin8/catalog_do.php?channelid=17&cid=0&dopost=addArchives HTTP/2.0" 302 0 "https://www.shgd123.com/gdadmin8/content_list.php?channelid=17" "Mozilla/5.0 (Windows NT 10.0; Win64; x64) AppleWebKit/537.36 (KHTML, like Gecko) Chrome/147.0.0.0 Safari/537.36 Edg/147.0.0.0"
117.80.140.143 - - [23/Apr/2026:13:09:17 +0800] "GET /gdadmin8/article_add.php?channelid=17&cid=0 HTTP/2.0" 200 6921 "https://www.shgd123.com/gdadmin8/content_list.php?channelid=17" "Mozilla/5.0 (Windows NT 10.0; Win64; x64) AppleWebKit/537.36 (KHTML, like Gecko) Chrome/147.0.0.0 Safari/537.36 Edg/147.0.0.0"
81.70.36.235 - - [23/Apr/2026:13:09:23 +0800] "GET /hongxiang/list_135_4.html HTTP/1.1" 301 162 "-" "Mozilla/5.0 (Windows NT 10.0; Win64; x64) AppleWebKit/537.36 (KHTML, like Gecko) Chrome/141.0.0.0 Safari/537.36"
81.70.36.235 - - [23/Apr/2026:13:09:23 +0800] "GET /hongxiang/list_135_4.html HTTP/2.0" 200 4740 "-" "Mozilla/5.0 (Windows NT 10.0; Win64; x64) AppleWebKit/537.36 (KHTML, like Gecko) Chrome/141.0.0.0 Safari/537.36"
154.85.204.110 - - [23/Apr/2026:13:09:27 +0800] "GET /2370150n268e.html HTTP/1.1" 301 162 "http://www.baidu.com" "Mozilla/5.0 (Windows NT 10.0; WOW64; Trident/7.0; rv:11.0) like Gecko"
154.85.204.110 - - [23/Apr/2026:13:09:27 +0800] "GET /2370150n268e.html HTTP/1.1" 404 739 "http://www.baidu.com" "Mozilla/5.0 (Windows NT 10.0; WOW64; Trident/7.0; rv:11.0) like Gecko"
45.197.36.104 - - [23/Apr/2026:13:09:29 +0800] "GET /templets/moban/images/menubg.jpg HTTP/1.1" 301 162 "-" "Mozilla/5.0 (Windows NT 6.1; WOW64; rv:53.0) Gecko/20100101 Firefox/53.0"
45.197.36.104 - - [23/Apr/2026:13:09:29 +0800] "GET /templets/moban/images/menubg.jpg HTTP/1.1" 404 739 "-" "Mozilla/5.0 (Windows NT 6.1; WOW64; rv:53.0) Gecko/20100101 Firefox/53.0"
154.85.204.110 - - [23/Apr/2026:13:09:30 +0800] "GET /2370150n268e.html HTTP/1.1" 301 162 "http://www.baidu.com" "Mozilla/5.0 (Windows NT 10.0; WOW64; Trident/7.0; rv:11.0) like Gecko"
154.85.204.110 - - [23/Apr/2026:13:09:30 +0800] "GET /2370150n268e.html HTTP/1.1" 404 739 "http://www.baidu.com" "Mozilla/5.0 (Windows NT 10.0; WOW64; Trident/7.0; rv:11.0) like Gecko"
117.80.140.143 - - [23/Apr/2026:13:09:35 +0800] "GET /gdadmin8/article_test_title.php?t=%B7%C0%B1%AC%BA%E6%CF%E4%CF%FA%CA%DB%B3%A7%BC%D2%C5%C5%D0%D0%A3%BF%D7%A8%BE%AB%CC%D8%D0%C2%C6%F3%D2%B5%D3%C5%D1%A1%D6%B8%C4%CF HTTP/2.0" 200 20 "https://www.shgd123.com/gdadmin8/article_add.php?channelid=17&cid=0" "Mozilla/5.0 (Windows NT 10.0; Win64; x64) AppleWebKit/537.36 (KHTML, like Gecko) Chrome/147.0.0.0 Safari/537.36 Edg/147.0.0.0"
103.230.15.181 - - [23/Apr/2026:13:09:48 +0800] "GET /index.php?g=Admin&m=Public&a=login HTTP/1.1" 301 162 "-" "Mozilla/5.0 (Windows NT 10.0; WOW64; rv:48.0) Gecko/20100101 Firefox/48.0"
223.109.252.142 - - [23/Apr/2026:13:10:06 +0800] "GET /gaowenlu/gsl/ HTTP/1.1" 301 162 "-" "Sogou web spider/4.0(+http://www.sogou.com/docs/help/webmasters.htm#07)"
223.109.252.142 - - [23/Apr/2026:13:10:07 +0800] "GET /gaowenlu/gsl/ HTTP/1.1" 200 3816 "-" "Sogou web spider/4.0(+http://www.sogou.com/docs/help/webmasters.htm#07)"
154.85.196.218 - - [23/Apr/2026:13:10:34 +0800] "GET /tavhumzy.html HTTP/1.1" 301 162 "http://www.baidu.com" "Mozilla/5.0 (Windows NT 10.0; WOW64; Trident/7.0; rv:11.0) like Gecko"
154.85.196.218 - - [23/Apr/2026:13:10:34 +0800] "GET /tavhumzy.html HTTP/1.1" 404 739 "http://www.baidu.com" "Mozilla/5.0 (Windows NT 10.0; WOW64; Trident/7.0; rv:11.0) like Gecko"
154.85.196.218 - - [23/Apr/2026:13:10:37 +0800] "GET /tavhumzy.html HTTP/1.1" 301 162 "http://www.baidu.com" "Mozilla/5.0 (Windows NT 10.0; WOW64; Trident/7.0; rv:11.0) like Gecko"
154.85.196.218 - - [23/Apr/2026:13:10:37 +0800] "GET /tavhumzy.html HTTP/1.1" 404 739 "http://www.baidu.com" "Mozilla/5.0 (Windows NT 10.0; WOW64; Trident/7.0; rv:11.0) like Gecko"
23.234.21.2 - - [23/Apr/2026:13:10:48 +0800] "GET /691482bn25eo.html HTTP/1.1" 301 162 "http://www.baidu.com" "Mozilla/5.0 (Windows NT 10.0; WOW64; Trident/7.0; rv:11.0) like Gecko"
23.234.21.2 - - [23/Apr/2026:13:10:48 +0800] "GET /691482bn25eo.html HTTP/1.1" 404 739 "http://www.baidu.com" "Mozilla/5.0 (Windows NT 10.0; WOW64; Trident/7.0; rv:11.0) like Gecko"
23.234.21.2 - - [23/Apr/2026:13:10:53 +0800] "GET /691482bn25eo.html HTTP/1.1" 301 162 "http://www.baidu.com" "Mozilla/5.0 (Windows NT 10.0; WOW64; Trident/7.0; rv:11.0) like Gecko"
23.234.21.2 - - [23/Apr/2026:13:10:53 +0800] "GET /691482bn25eo.html HTTP/1.1" 404 739 "http://www.baidu.com" "Mozilla/5.0 (Windows NT 10.0; WOW64; Trident/7.0; rv:11.0) like Gecko"
117.80.140.143 - - [23/Apr/2026:13:11:00 +0800] "POST /gdadmin8/archives_do.php HTTP/2.0" 200 259 "https://www.shgd123.com/gdadmin8/article_add.php?channelid=17&cid=0" "Mozilla/5.0 (Windows NT 10.0; Win64; x64) AppleWebKit/537.36 (KHTML, like Gecko) Chrome/147.0.0.0 Safari/537.36 Edg/147.0.0.0"
117.80.140.143 - - [23/Apr/2026:13:11:01 +0800] "GET /gdadmin8/imagecut.php?f=picname&isupload=yes&file=/uploads/allimg/260423/1-2604231311000-L.jpg HTTP/2.0" 200 2043 "https://www.shgd123.com/gdadmin8/archives_do.php" "Mozilla/5.0 (Windows NT 10.0; Win64; x64) AppleWebKit/537.36 (KHTML, like Gecko) Chrome/147.0.0.0 Safari/537.36 Edg/147.0.0.0"
117.80.140.143 - - [23/Apr/2026:13:11:01 +0800] "GET /images/transparent.gif HTTP/2.0" 404 727 "https://www.shgd123.com/gdadmin8/imagecut.php?f=picname&isupload=yes&file=/uploads/allimg/260423/1-2604231311000-L.jpg" "Mozilla/5.0 (Windows NT 10.0; Win64; x64) AppleWebKit/537.36 (KHTML, like Gecko) Chrome/147.0.0.0 Safari/537.36 Edg/147.0.0.0"
117.80.140.143 - - [23/Apr/2026:13:11:14 +0800] "GET /index.php?upcache=1 HTTP/2.0" 200 11053 "https://www.shgd123.com/gdadmin8/" "Mozilla/5.0 (Windows NT 10.0; Win64; x64) AppleWebKit/537.36 (KHTML, like Gecko) Chrome/147.0.0.0 Safari/537.36 Edg/147.0.0.0"
117.80.140.143 - - [23/Apr/2026:13:11:14 +0800] "GET /style/css.css HTTP/2.0" 404 727 "https://www.shgd123.com/index.php?upcache=1" "Mozilla/5.0 (Windows NT 10.0; Win64; x64) AppleWebKit/537.36 (KHTML, like Gecko) Chrome/147.0.0.0 Safari/537.36 Edg/147.0.0.0"
117.80.140.143 - - [23/Apr/2026:13:11:14 +0800] "GET /templets/moban/images/menubg.jpg HTTP/2.0" 404 727 "https://www.shgd123.com/templets/moban/style/common.css" "Mozilla/5.0 (Windows NT 10.0; Win64; x64) AppleWebKit/537.36 (KHTML, like Gecko) Chrome/147.0.0.0 Safari/537.36 Edg/147.0.0.0"
117.80.140.143 - - [23/Apr/2026:13:11:23 +0800] "GET /xinwendongtai/790.html HTTP/2.0" 200 4737 "https://www.shgd123.com/index.php?upcache=1" "Mozilla/5.0 (Windows NT 10.0; Win64; x64) AppleWebKit/537.36 (KHTML, like Gecko) Chrome/147.0.0.0 Safari/537.36 Edg/147.0.0.0"
117.80.140.143 - - [23/Apr/2026:13:11:23 +0800] "GET /templets/moban/images/menubg.jpg HTTP/2.0" 404 727 "https://www.shgd123.com/templets/moban/style/common_old.css" "Mozilla/5.0 (Windows NT 10.0; Win64; x64) AppleWebKit/537.36 (KHTML, like Gecko) Chrome/147.0.0.0 Safari/537.36 Edg/147.0.0.0"
117.80.140.143 - - [23/Apr/2026:13:11:23 +0800] "GET /plus/count.php?view=yes&aid=790&mid=1 HTTP/2.0" 200 44 "https://www.shgd123.com/xinwendongtai/790.html" "Mozilla/5.0 (Windows NT 10.0; Win64; x64) AppleWebKit/537.36 (KHTML, like Gecko) Chrome/147.0.0.0 Safari/537.36 Edg/147.0.0.0"
23.234.7.166 - - [23/Apr/2026:13:11:35 +0800] "GET /oxnjtcap.html HTTP/1.1" 301 162 "http://www.baidu.com" "Mozilla/5.0 (Windows NT 10.0; WOW64; Trident/7.0; rv:11.0) like Gecko"
23.234.7.166 - - [23/Apr/2026:13:11:35 +0800] "GET /oxnjtcap.html HTTP/1.1" 404 739 "http://www.baidu.com" "Mozilla/5.0 (Windows NT 10.0; WOW64; Trident/7.0; rv:11.0) like Gecko"
23.234.7.166 - - [23/Apr/2026:13:11:39 +0800] "GET /oxnjtcap.html HTTP/1.1" 301 162 "http://www.baidu.com" "Mozilla/5.0 (Windows NT 10.0; WOW64; Trident/7.0; rv:11.0) like Gecko"
23.234.7.166 - - [23/Apr/2026:13:11:39 +0800] "GET /oxnjtcap.html HTTP/1.1" 404 739 "http://www.baidu.com" "Mozilla/5.0 (Windows NT 10.0; WOW64; Trident/7.0; rv:11.0) like Gecko"
117.80.140.143 - - [23/Apr/2026:13:12:00 +0800] "GET /templets/moban/images/menubg.jpg HTTP/2.0" 404 727 "https://www.shgd123.com/templets/moban/style/common.css" "Mozilla/5.0 (Windows NT 10.0; Win64; x64) AppleWebKit/537.36 (KHTML, like Gecko) Chrome/147.0.0.0 Safari/537.36 Edg/147.0.0.0"
117.80.140.143 - - [23/Apr/2026:13:12:16 +0800] "POST /include/dialog/select_images_post.php?CKEditor=body&CKEditorFuncNum=2&langCode=zh-cn HTTP/2.0" 200 142 "https://www.shgd123.com/gdadmin8/article_add.php?channelid=17&cid=0" "Mozilla/5.0 (Windows NT 10.0; Win64; x64) AppleWebKit/537.36 (KHTML, like Gecko) Chrome/147.0.0.0 Safari/537.36 Edg/147.0.0.0"
177.211.2.106 - - [23/Apr/2026:13:12:22 +0800] "GET /?fvxrad.html HTTP/1.1" 301 162 "http://www.baidu.com" "Mozilla/5.0 (Windows NT 10.0; WOW64; Trident/7.0; rv:11.0) like Gecko"
177.211.2.106 - - [23/Apr/2026:13:12:22 +0800] "GET /?fvxrad.html HTTP/1.1" 301 5 "http://www.baidu.com" "Mozilla/5.0 (Windows NT 10.0; WOW64; Trident/7.0; rv:11.0) like Gecko"
177.211.2.106 - - [23/Apr/2026:13:12:24 +0800] "GET /?fvxrad.html HTTP/1.1" 301 162 "http://www.baidu.com" "Mozilla/5.0 (Windows NT 10.0; WOW64; Trident/7.0; rv:11.0) like Gecko"
177.211.2.106 - - [23/Apr/2026:13:12:24 +0800] "GET /?fvxrad.html HTTP/1.1" 301 5 "http://www.baidu.com" "Mozilla/5.0 (Windows NT 10.0; WOW64; Trident/7.0; rv:11.0) like Gecko"
117.80.140.143 - - [23/Apr/2026:13:13:13 +0800] "POST /gdadmin8/article_add.php HTTP/2.0" 200 1221 "https://www.shgd123.com/gdadmin8/article_add.php?channelid=17&cid=0" "Mozilla/5.0 (Windows NT 10.0; Win64; x64) AppleWebKit/537.36 (KHTML, like Gecko) Chrome/147.0.0.0 Safari/537.36 Edg/147.0.0.0"
117.80.140.143 - - [23/Apr/2026:13:13:13 +0800] "GET /gdadmin8/task_do.php?typeid=20&aid=792&dopost=makeprenext&nextdo=makeindex,makeparenttype HTTP/2.0" 200 745 "https://www.shgd123.com/gdadmin8/article_add.php" "Mozilla/5.0 (Windows NT 10.0; Win64; x64) AppleWebKit/537.36 (KHTML, like Gecko) Chrome/147.0.0.0 Safari/537.36 Edg/147.0.0.0"
117.80.140.143 - - [23/Apr/2026:13:13:13 +0800] "GET /gdadmin8/task_do.php?f=0&typeid=20&aid=792&dopost=makeindex&nextdo=makeparenttype HTTP/2.0" 200 736 "https://www.shgd123.com/gdadmin8/task_do.php?typeid=20&aid=792&dopost=makeprenext&nextdo=makeindex,makeparenttype" "Mozilla/5.0 (Windows NT 10.0; Win64; x64) AppleWebKit/537.36 (KHTML, like Gecko) Chrome/147.0.0.0 Safari/537.36 Edg/147.0.0.0"
117.80.140.143 - - [23/Apr/2026:13:13:14 +0800] "GET /gdadmin8/task_do.php?f=0&typeid=20&aid=792&dopost=makeparenttype HTTP/2.0" 200 663 "https://www.shgd123.com/gdadmin8/task_do.php?f=0&typeid=20&aid=792&dopost=makeindex&nextdo=makeparenttype" "Mozilla/5.0 (Windows NT 10.0; Win64; x64) AppleWebKit/537.36 (KHTML, like Gecko) Chrome/147.0.0.0 Safari/537.36 Edg/147.0.0.0"
117.80.140.143 - - [23/Apr/2026:13:13:17 +0800] "GET /xinwendongtai/792.html HTTP/2.0" 200 4632 "https://www.shgd123.com/gdadmin8/article_add.php" "Mozilla/5.0 (Windows NT 10.0; Win64; x64) AppleWebKit/537.36 (KHTML, like Gecko) Chrome/147.0.0.0 Safari/537.36 Edg/147.0.0.0"
117.80.140.143 - - [23/Apr/2026:13:13:17 +0800] "GET /templets/moban/images/menubg.jpg HTTP/2.0" 404 727 "https://www.shgd123.com/templets/moban/style/common_old.css" "Mozilla/5.0 (Windows NT 10.0; Win64; x64) AppleWebKit/537.36 (KHTML, like Gecko) Chrome/147.0.0.0 Safari/537.36 Edg/147.0.0.0"
117.80.140.143 - - [23/Apr/2026:13:13:17 +0800] "GET /plus/count.php?view=yes&aid=792&mid=1 HTTP/2.0" 200 43 "https://www.shgd123.com/xinwendongtai/792.html" "Mozilla/5.0 (Windows NT 10.0; Win64; x64) AppleWebKit/537.36 (KHTML, like Gecko) Chrome/147.0.0.0 Safari/537.36 Edg/147.0.0.0"
51.195.215.81 - - [23/Apr/2026:13:13:18 +0800] "GET /robots.txt HTTP/2.0" 200 521 "-" "Mozilla/5.0 (compatible; AhrefsBot/7.0; +http://ahrefs.com/robot/)"
216.73.216.76 - - [23/Apr/2026:13:13:26 +0800] "GET /sitemap.xml HTTP/1.1" 301 162 "-" "Mozilla/5.0 AppleWebKit/537.36 (KHTML, like Gecko; compatible; ClaudeBot/1.0; +claudebot@anthropic.com)"
54.39.136.55 - - [23/Apr/2026:13:13:27 +0800] "GET /xinwendongtai/701.html HTTP/2.0" 304 0 "-" "Mozilla/5.0 (compatible; AhrefsBot/7.0; +http://ahrefs.com/robot/)"
216.73.216.76 - - [23/Apr/2026:13:13:27 +0800] "GET /sitemap.xml HTTP/2.0" 200 486071 "http://www.shgd123.com/sitemap.xml" "Mozilla/5.0 AppleWebKit/537.36 (KHTML, like Gecko; compatible; ClaudeBot/1.0; +claudebot@anthropic.com)"
180.115.51.55 - - [23/Apr/2026:13:13:28 +0800] "GET /favicon.ico HTTP/1.1" 301 162 "-" "Mozilla/5.0 (Windows NT 10.0; Win64; x64) AppleWebKit/537.36 (KHTML, like Gecko) Chrome/132.0.0.0 Safari/537.36"
180.115.51.55 - - [23/Apr/2026:13:13:28 +0800] "GET /favicon.ico HTTP/2.0" 404 727 "-" "Mozilla/5.0 (Windows NT 10.0; Win64; x64) AppleWebKit/537.36 (KHTML, like Gecko) Chrome/132.0.0.0 Safari/537.36"
116.204.111.15 - - [23/Apr/2026:13:14:26 +0800] "GET /hongxiang/hxpz/bzrfhx/162.html HTTP/2.0" 200 9289 "-" "Mozilla/5.0 (Macintosh; Intel Mac OS X 10_15_7) AppleWebKit/537.36 (KHTML, like Gecko) Chrome/146.0.0.0 Safari/537.36"
23.234.60.14 - - [23/Apr/2026:13:14:37 +0800] "GET /nkqltgzx.html HTTP/1.1" 301 162 "http://www.baidu.com" "Mozilla/5.0 (Windows NT 10.0; WOW64; Trident/7.0; rv:11.0) like Gecko"
23.234.60.14 - - [23/Apr/2026:13:14:37 +0800] "GET /nkqltgzx.html HTTP/1.1" 404 739 "http://www.baidu.com" "Mozilla/5.0 (Windows NT 10.0; WOW64; Trident/7.0; rv:11.0) like Gecko"
23.234.60.14 - - [23/Apr/2026:13:14:43 +0800] "GET /nkqltgzx.html HTTP/1.1" 301 162 "http://www.baidu.com" "Mozilla/5.0 (Windows NT 10.0; WOW64; Trident/7.0; rv:11.0) like Gecko"
23.234.60.14 - - [23/Apr/2026:13:14:43 +0800] "GET /nkqltgzx.html HTTP/1.1" 404 739 "http://www.baidu.com" "Mozilla/5.0 (Windows NT 10.0; WOW64; Trident/7.0; rv:11.0) like Gecko"
148.135.228.80 - - [23/Apr/2026:13:14:46 +0800] "GET /uploads/allimg/260109/1-26010ZU05B39.JPG HTTP/1.1" 200 3894127 "-" "Mozilla/5.0 (compatible; crawler)"
43.159.138.217 - - [23/Apr/2026:13:15:07 +0800] "GET /chenggonganli/gykxal/449.html HTTP/1.1" 200 5193 "-" "Mozilla/5.0 (iPhone; CPU iPhone OS 13_2_3 like Mac OS X) AppleWebKit/605.1.15 (KHTML, like Gecko) Version/13.0.3 Mobile/15E148 Safari/604.1"
156.226.52.66 - - [23/Apr/2026:13:15:28 +0800] "GET /rlo76f1aja.html HTTP/1.1" 301 162 "http://www.baidu.com" "Mozilla/5.0 (Windows NT 10.0; WOW64; Trident/7.0; rv:11.0) like Gecko"
156.226.52.66 - - [23/Apr/2026:13:15:30 +0800] "GET /rlo76f1aja.html HTTP/1.1" 404 739 "http://www.baidu.com" "Mozilla/5.0 (Windows NT 10.0; WOW64; Trident/7.0; rv:11.0) like Gecko"
23.234.7.166 - - [23/Apr/2026:13:15:47 +0800] "GET /imsludfr.html HTTP/1.1" 301 162 "http://www.baidu.com" "Mozilla/5.0 (Windows NT 10.0; WOW64; Trident/7.0; rv:11.0) like Gecko"
23.234.7.166 - - [23/Apr/2026:13:15:47 +0800] "GET /imsludfr.html HTTP/1.1" 404 739 "http://www.baidu.com" "Mozilla/5.0 (Windows NT 10.0; WOW64; Trident/7.0; rv:11.0) like Gecko"
23.234.7.166 - - [23/Apr/2026:13:15:57 +0800] "GET /imsludfr.html HTTP/1.1" 301 162 "http://www.baidu.com" "Mozilla/5.0 (Windows NT 10.0; WOW64; Trident/7.0; rv:11.0) like Gecko"
23.234.7.166 - - [23/Apr/2026:13:15:57 +0800] "GET /imsludfr.html HTTP/1.1" 404 739 "http://www.baidu.com" "Mozilla/5.0 (Windows NT 10.0; WOW64; Trident/7.0; rv:11.0) like Gecko"
154.85.204.110 - - [23/Apr/2026:13:16:15 +0800] "GET /546893mkgfa8.html HTTP/1.1" 301 162 "http://www.baidu.com" "Mozilla/5.0 (Windows NT 10.0; WOW64; Trident/7.0; rv:11.0) like Gecko"
154.85.204.110 - - [23/Apr/2026:13:16:16 +0800] "GET /546893mkgfa8.html HTTP/1.1" 404 739 "http://www.baidu.com" "Mozilla/5.0 (Windows NT 10.0; WOW64; Trident/7.0; rv:11.0) like Gecko"
154.85.204.110 - - [23/Apr/2026:13:16:18 +0800] "GET /546893mkgfa8.html HTTP/1.1" 301 162 "http://www.baidu.com" "Mozilla/5.0 (Windows NT 10.0; WOW64; Trident/7.0; rv:11.0) like Gecko"
154.85.204.110 - - [23/Apr/2026:13:16:18 +0800] "GET /546893mkgfa8.html HTTP/1.1" 404 739 "http://www.baidu.com" "Mozilla/5.0 (Windows NT 10.0; WOW64; Trident/7.0; rv:11.0) like Gecko"
177.211.2.106 - - [23/Apr/2026:13:17:19 +0800] "GET /?zfjxnv.html HTTP/1.1" 301 162 "http://www.baidu.com" "Mozilla/5.0 (Windows NT 10.0; WOW64; Trident/7.0; rv:11.0) like Gecko"
177.211.2.106 - - [23/Apr/2026:13:17:19 +0800] "GET /?zfjxnv.html HTTP/1.1" 301 5 "http://www.baidu.com" "Mozilla/5.0 (Windows NT 10.0; WOW64; Trident/7.0; rv:11.0) like Gecko"
177.211.2.106 - - [23/Apr/2026:13:17:22 +0800] "GET /?zfjxnv.html HTTP/1.1" 301 162 "http://www.baidu.com" "Mozilla/5.0 (Windows NT 10.0; WOW64; Trident/7.0; rv:11.0) like Gecko"
177.211.2.106 - - [23/Apr/2026:13:17:22 +0800] "GET /?zfjxnv.html HTTP/1.1" 301 5 "http://www.baidu.com" "Mozilla/5.0 (Windows NT 10.0; WOW64; Trident/7.0; rv:11.0) like Gecko"
156.235.188.166 - - [23/Apr/2026:13:17:40 +0800] "GET /nrotmbxl.html HTTP/1.1" 301 162 "http://www.baidu.com" "Mozilla/5.0 (Windows NT 10.0; WOW64; Trident/7.0; rv:11.0) like Gecko"
156.235.188.166 - - [23/Apr/2026:13:17:40 +0800] "GET /nrotmbxl.html HTTP/1.1" 404 739 "http://www.baidu.com" "Mozilla/5.0 (Windows NT 10.0; WOW64; Trident/7.0; rv:11.0) like Gecko"
156.235.188.166 - - [23/Apr/2026:13:17:41 +0800] "GET /nrotmbxl.html HTTP/1.1" 301 162 "http://www.baidu.com" "Mozilla/5.0 (Windows NT 10.0; WOW64; Trident/7.0; rv:11.0) like Gecko"
156.235.188.166 - - [23/Apr/2026:13:17:41 +0800] "GET /nrotmbxl.html HTTP/1.1" 404 739 "http://www.baidu.com" "Mozilla/5.0 (Windows NT 10.0; WOW64; Trident/7.0; rv:11.0) like Gecko"
40.77.167.40 - - [23/Apr/2026:13:17:55 +0800] "GET /index.html HTTP/2.0" 200 11020 "-" "Mozilla/5.0 AppleWebKit/537.36 (KHTML, like Gecko; compatible; bingbot/2.0; +http://www.bing.com/bingbot.htm) Chrome/116.0.1938.76 Safari/537.36"
154.85.196.218 - - [23/Apr/2026:13:18:19 +0800] "GET /uayidxls.html HTTP/1.1" 301 162 "http://www.baidu.com" "Mozilla/5.0 (Windows NT 10.0; WOW64; Trident/7.0; rv:11.0) like Gecko"
154.85.196.218 - - [23/Apr/2026:13:18:19 +0800] "GET /uayidxls.html HTTP/1.1" 404 739 "http://www.baidu.com" "Mozilla/5.0 (Windows NT 10.0; WOW64; Trident/7.0; rv:11.0) like Gecko"
156.235.188.166 - - [23/Apr/2026:13:18:20 +0800] "GET /esotyxqk.html HTTP/1.1" 301 162 "http://www.baidu.com" "Mozilla/5.0 (Windows NT 10.0; WOW64; Trident/7.0; rv:11.0) like Gecko"
156.235.188.166 - - [23/Apr/2026:13:18:20 +0800] "GET /esotyxqk.html HTTP/1.1" 404 739 "http://www.baidu.com" "Mozilla/5.0 (Windows NT 10.0; WOW64; Trident/7.0; rv:11.0) like Gecko"
154.85.196.218 - - [23/Apr/2026:13:18:24 +0800] "GET /uayidxls.html HTTP/1.1" 301 162 "http://www.baidu.com" "Mozilla/5.0 (Windows NT 10.0; WOW64; Trident/7.0; rv:11.0) like Gecko"
154.85.196.218 - - [23/Apr/2026:13:18:24 +0800] "GET /uayidxls.html HTTP/1.1" 404 739 "http://www.baidu.com" "Mozilla/5.0 (Windows NT 10.0; WOW64; Trident/7.0; rv:11.0) like Gecko"
1.92.200.140 - - [23/Apr/2026:13:18:30 +0800] "GET /suidaolu/sdlhy/snyhgx/376.html HTTP/1.1" 301 162 "-" "Mozilla/5.0 (Windows NT 10.0; Win64; x64) AppleWebKit/537.36 (KHTML, like Gecko) Chrome/145.0.0.0 Safari/537.36"
1.92.200.140 - - [23/Apr/2026:13:18:31 +0800] "GET /suidaolu/sdlhy/snyhgx/376.html HTTP/2.0" 200 9855 "-" "Mozilla/5.0 (Windows NT 10.0; Win64; x64) AppleWebKit/537.36 (KHTML, like Gecko) Chrome/145.0.0.0 Safari/537.36"
23.234.21.2 - - [23/Apr/2026:13:18:35 +0800] "GET /842063.html HTTP/1.1" 301 162 "http://www.baidu.com" "Mozilla/5.0 (Windows NT 10.0; WOW64; Trident/7.0; rv:11.0) like Gecko"
23.234.21.2 - - [23/Apr/2026:13:18:35 +0800] "GET /842063.html HTTP/1.1" 404 739 "http://www.baidu.com" "Mozilla/5.0 (Windows NT 10.0; WOW64; Trident/7.0; rv:11.0) like Gecko"
23.234.21.2 - - [23/Apr/2026:13:18:48 +0800] "GET /842063.html HTTP/1.1" 301 162 "http://www.baidu.com" "Mozilla/5.0 (Windows NT 10.0; WOW64; Trident/7.0; rv:11.0) like Gecko"
23.234.21.2 - - [23/Apr/2026:13:18:48 +0800] "GET /842063.html HTTP/1.1" 404 739 "http://www.baidu.com" "Mozilla/5.0 (Windows NT 10.0; WOW64; Trident/7.0; rv:11.0) like Gecko"
23.234.7.166 - - [23/Apr/2026:13:19:57 +0800] "GET /fuplnvhy.html HTTP/1.1" 301 162 "http://www.baidu.com" "Mozilla/5.0 (Windows NT 10.0; WOW64; Trident/7.0; rv:11.0) like Gecko"
23.234.7.166 - - [23/Apr/2026:13:19:57 +0800] "GET /fuplnvhy.html HTTP/1.1" 404 739 "http://www.baidu.com" "Mozilla/5.0 (Windows NT 10.0; WOW64; Trident/7.0; rv:11.0) like Gecko"
223.109.252.155 - - [23/Apr/2026:13:19:59 +0800] "GET /refengji/ HTTP/1.1" 301 162 "-" "Sogou web spider/4.0(+http://www.sogou.com/docs/help/webmasters.htm#07)"
223.109.252.155 - - [23/Apr/2026:13:19:59 +0800] "GET /refengji/ HTTP/1.1" 200 4397 "-" "Sogou web spider/4.0(+http://www.sogou.com/docs/help/webmasters.htm#07)"
23.234.7.166 - - [23/Apr/2026:13:20:00 +0800] "GET /fuplnvhy.html HTTP/1.1" 301 162 "http://www.baidu.com" "Mozilla/5.0 (Windows NT 10.0; WOW64; Trident/7.0; rv:11.0) like Gecko"
23.234.7.166 - - [23/Apr/2026:13:20:00 +0800] "GET /fuplnvhy.html HTTP/1.1" 404 739 "http://www.baidu.com" "Mozilla/5.0 (Windows NT 10.0; WOW64; Trident/7.0; rv:11.0) like Gecko"
52.167.144.159 - - [23/Apr/2026:13:20:06 +0800] "GET /index.php?upcache=1 HTTP/2.0" 200 11020 "-" "Mozilla/5.0 AppleWebKit/537.36 (KHTML, like Gecko; compatible; bingbot/2.0; +http://www.bing.com/bingbot.htm) Chrome/116.0.1938.76 Safari/537.36"
157.148.35.166 - - [23/Apr/2026:13:20:19 +0800] "GET /xinwendongtai/673.html HTTP/1.1" 301 162 "-" "Mozilla/5.0 (Windows NT 10.0; Win64; x64) AppleWebKit/537.36 (KHTML, like Gecko) Chrome/112.0.0.0 Safari/537.36"
14.116.236.212 - - [23/Apr/2026:13:20:19 +0800] "GET /xinwendongtai/673.html HTTP/1.1" 200 4617 "-" "Mozilla/5.0 (Windows NT 10.0; Win64; x64) AppleWebKit/537.36 (KHTML, like Gecko) Chrome/112.0.0.0 Safari/537.36"
54.39.6.3 - - [23/Apr/2026:13:20:20 +0800] "GET /xinwendongtai/702.html HTTP/2.0" 304 0 "-" "Mozilla/5.0 (compatible; AhrefsBot/7.0; +http://ahrefs.com/robot/)"
52.167.144.159 - - [23/Apr/2026:13:20:35 +0800] "GET /xinwendongtai/792.html HTTP/2.0" 200 4632 "-" "Mozilla/5.0 AppleWebKit/537.36 (KHTML, like Gecko; compatible; bingbot/2.0; +http://www.bing.com/bingbot.htm) Chrome/116.0.1938.76 Safari/537.36"
112.86.225.53 - - [23/Apr/2026:13:20:51 +0800] "GET /hongxiang/ HTTP/1.1" 301 162 "-" "Sogou web spider/4.0(+http://www.sogou.com/docs/help/webmasters.htm#07)"
112.86.225.53 - - [23/Apr/2026:13:20:51 +0800] "GET /hongxiang/ HTTP/1.1" 200 4765 "-" "Sogou web spider/4.0(+http://www.sogou.com/docs/help/webmasters.htm#07)"
23.234.28.26 - - [23/Apr/2026:13:21:15 +0800] "GET /fcypuolx.html HTTP/1.1" 301 162 "http://www.baidu.com" "Mozilla/5.0 (Windows NT 10.0; WOW64; Trident/7.0; rv:11.0) like Gecko"
