154.85.196.218 - - [23/Apr/2026:09:48:16 +0800] "GET /yekrizam.html HTTP/1.1" 301 162 "http://www.baidu.com" "Mozilla/5.0 (Windows NT 10.0; WOW64; Trident/7.0; rv:11.0) like Gecko"
154.85.196.218 - - [23/Apr/2026:09:48:16 +0800] "GET /yekrizam.html HTTP/1.1" 404 739 "http://www.baidu.com" "Mozilla/5.0 (Windows NT 10.0; WOW64; Trident/7.0; rv:11.0) like Gecko"
43.159.152.4 - - [23/Apr/2026:09:48:16 +0800] "GET /suidaolu/sdlpz/rqsdl/454.html HTTP/1.1" 200 9604 "-" "Mozilla/5.0 (iPhone; CPU iPhone OS 13_2_3 like Mac OS X) AppleWebKit/605.1.15 (KHTML, like Gecko) Version/13.0.3 Mobile/15E148 Safari/604.1"
154.85.204.110 - - [23/Apr/2026:09:48:18 +0800] "GET /375124hi9l5r.html HTTP/1.1" 301 162 "http://www.baidu.com" "Mozilla/5.0 (Windows NT 10.0; WOW64; Trident/7.0; rv:11.0) like Gecko"
154.85.204.110 - - [23/Apr/2026:09:48:18 +0800] "GET /375124hi9l5r.html HTTP/1.1" 404 739 "http://www.baidu.com" "Mozilla/5.0 (Windows NT 10.0; WOW64; Trident/7.0; rv:11.0) like Gecko"
180.137.243.239 - - [23/Apr/2026:09:48:26 +0800] "GET /jqr/hjmd/207.html HTTP/1.1" 301 162 "-" "Mozilla/5.0 (Macintosh; Intel Mac OS X 10_15_7) AppleWebKit/537.36 (KHTML, like Gecko) Chrome/93.0.4577.63 Safari/537.36"
180.137.243.239 - - [23/Apr/2026:09:48:28 +0800] "GET /jqr/hjmd/207.html HTTP/1.1" 200 7916 "-" "Mozilla/5.0 (Macintosh; Intel Mac OS X 10_15_7) AppleWebKit/537.36 (KHTML, like Gecko) Chrome/93.0.4577.63 Safari/537.36"
23.234.60.14 - - [23/Apr/2026:09:48:31 +0800] "GET /lfaoiqzj.html HTTP/1.1" 301 162 "http://www.baidu.com" "Mozilla/5.0 (Windows NT 10.0; WOW64; Trident/7.0; rv:11.0) like Gecko"
23.234.60.14 - - [23/Apr/2026:09:48:31 +0800] "GET /lfaoiqzj.html HTTP/1.1" 404 739 "http://www.baidu.com" "Mozilla/5.0 (Windows NT 10.0; WOW64; Trident/7.0; rv:11.0) like Gecko"
177.211.2.106 - - [23/Apr/2026:09:48:32 +0800] "GET /?czoqsh.html HTTP/1.1" 301 162 "http://www.baidu.com" "Mozilla/5.0 (Windows NT 10.0; WOW64; Trident/7.0; rv:11.0) like Gecko"
177.211.2.106 - - [23/Apr/2026:09:48:32 +0800] "GET /?czoqsh.html HTTP/1.1" 301 5 "http://www.baidu.com" "Mozilla/5.0 (Windows NT 10.0; WOW64; Trident/7.0; rv:11.0) like Gecko"
23.234.60.14 - - [23/Apr/2026:09:48:33 +0800] "GET /lfaoiqzj.html HTTP/1.1" 301 162 "http://www.baidu.com" "Mozilla/5.0 (Windows NT 10.0; WOW64; Trident/7.0; rv:11.0) like Gecko"
23.234.60.14 - - [23/Apr/2026:09:48:33 +0800] "GET /lfaoiqzj.html HTTP/1.1" 404 739 "http://www.baidu.com" "Mozilla/5.0 (Windows NT 10.0; WOW64; Trident/7.0; rv:11.0) like Gecko"
116.179.32.230 - - [23/Apr/2026:09:48:34 +0800] "GET / HTTP/2.0" 301 0 "-" "Mozilla/5.0 (compatible; Baiduspider/2.0; +http://www.baidu.com/search/spider.html)"
116.179.32.93 - - [23/Apr/2026:09:48:34 +0800] "GET /index.html HTTP/2.0" 200 11053 "-" "Mozilla/5.0 (compatible; Baiduspider/2.0; +http://www.baidu.com/search/spider.html)"
177.211.2.106 - - [23/Apr/2026:09:48:34 +0800] "GET /?czoqsh.html HTTP/1.1" 301 162 "http://www.baidu.com" "Mozilla/5.0 (Windows NT 10.0; WOW64; Trident/7.0; rv:11.0) like Gecko"
177.211.2.106 - - [23/Apr/2026:09:48:34 +0800] "GET /?czoqsh.html HTTP/1.1" 301 5 "http://www.baidu.com" "Mozilla/5.0 (Windows NT 10.0; WOW64; Trident/7.0; rv:11.0) like Gecko"
116.179.37.44 - - [23/Apr/2026:09:48:36 +0800] "GET /style/css.css HTTP/1.1" 404 739 "https://www.shgd123.com/index.html" "Mozilla/5.0 (compatible; Baiduspider-render/2.0; +http://www.baidu.com/search/spider.html)"
112.86.225.240 - - [23/Apr/2026:09:48:48 +0800] "GET /uvji/uvjihy/wmuvghj/384.html HTTP/1.1" 301 162 "-" "MQQBrowser/26 Mozilla/5.0 (Linux; U; Android 4.4.2; zh-cn; MB200 Build/GRJ22; CyanogenMod-7) AppleWebKit/533.1 (KHTML, like Gecko) Version/4.0 Mobile Safari/533.1 (compatible; Sogou web spider/4.0; +http://www.sogou.com/docs/help/webmasters.htm#07)"
223.109.252.182 - - [23/Apr/2026:09:48:48 +0800] "GET /gaowenlu/rfjxl/304.html HTTP/1.1" 301 162 "-" "MQQBrowser/26 Mozilla/5.0 (Linux; U; Android 4.4.2; zh-cn; MB200 Build/GRJ22; CyanogenMod-7) AppleWebKit/533.1 (KHTML, like Gecko) Version/4.0 Mobile Safari/533.1 (compatible; Sogou web spider/4.0; +http://www.sogou.com/docs/help/webmasters.htm#07)"
112.86.225.240 - - [23/Apr/2026:09:48:48 +0800] "GET /uvji/uvjihy/wmuvghj/384.html HTTP/1.1" 200 8356 "-" "MQQBrowser/26 Mozilla/5.0 (Linux; U; Android 4.4.2; zh-cn; MB200 Build/GRJ22; CyanogenMod-7) AppleWebKit/533.1 (KHTML, like Gecko) Version/4.0 Mobile Safari/533.1 (compatible; Sogou web spider/4.0; +http://www.sogou.com/docs/help/webmasters.htm#07)"
223.109.252.182 - - [23/Apr/2026:09:48:50 +0800] "GET /gaowenlu/rfjxl/304.html HTTP/1.1" 200 8484 "-" "MQQBrowser/26 Mozilla/5.0 (Linux; U; Android 4.4.2; zh-cn; MB200 Build/GRJ22; CyanogenMod-7) AppleWebKit/533.1 (KHTML, like Gecko) Version/4.0 Mobile Safari/533.1 (compatible; Sogou web spider/4.0; +http://www.sogou.com/docs/help/webmasters.htm#07)"
156.235.188.166 - - [23/Apr/2026:09:49:09 +0800] "GET /nfwaxgls.html HTTP/1.1" 301 162 "http://www.baidu.com" "Mozilla/5.0 (Windows NT 10.0; WOW64; Trident/7.0; rv:11.0) like Gecko"
156.235.188.166 - - [23/Apr/2026:09:49:09 +0800] "GET /nfwaxgls.html HTTP/1.1" 404 739 "http://www.baidu.com" "Mozilla/5.0 (Windows NT 10.0; WOW64; Trident/7.0; rv:11.0) like Gecko"
156.235.188.166 - - [23/Apr/2026:09:49:14 +0800] "GET /nfwaxgls.html HTTP/1.1" 301 162 "http://www.baidu.com" "Mozilla/5.0 (Windows NT 10.0; WOW64; Trident/7.0; rv:11.0) like Gecko"
156.235.188.166 - - [23/Apr/2026:09:49:14 +0800] "GET /nfwaxgls.html HTTP/1.1" 404 739 "http://www.baidu.com" "Mozilla/5.0 (Windows NT 10.0; WOW64; Trident/7.0; rv:11.0) like Gecko"
23.234.21.2 - - [23/Apr/2026:09:49:39 +0800] "GET /674803vsh04p.html HTTP/1.1" 301 162 "http://www.baidu.com" "Mozilla/5.0 (Windows NT 10.0; WOW64; Trident/7.0; rv:11.0) like Gecko"
23.234.21.2 - - [23/Apr/2026:09:49:39 +0800] "GET /674803vsh04p.html HTTP/1.1" 404 739 "http://www.baidu.com" "Mozilla/5.0 (Windows NT 10.0; WOW64; Trident/7.0; rv:11.0) like Gecko"
23.234.21.2 - - [23/Apr/2026:09:49:41 +0800] "GET /674803vsh04p.html HTTP/1.1" 301 162 "http://www.baidu.com" "Mozilla/5.0 (Windows NT 10.0; WOW64; Trident/7.0; rv:11.0) like Gecko"
23.234.21.2 - - [23/Apr/2026:09:49:42 +0800] "GET /674803vsh04p.html HTTP/1.1" 404 739 "http://www.baidu.com" "Mozilla/5.0 (Windows NT 10.0; WOW64; Trident/7.0; rv:11.0) like Gecko"
23.234.7.166 - - [23/Apr/2026:09:49:56 +0800] "GET /ndazfgjt.html HTTP/1.1" 301 162 "http://www.baidu.com" "Mozilla/5.0 (Windows NT 10.0; WOW64; Trident/7.0; rv:11.0) like Gecko"
23.234.7.166 - - [23/Apr/2026:09:49:56 +0800] "GET /ndazfgjt.html HTTP/1.1" 404 739 "http://www.baidu.com" "Mozilla/5.0 (Windows NT 10.0; WOW64; Trident/7.0; rv:11.0) like Gecko"
23.234.7.166 - - [23/Apr/2026:09:50:22 +0800] "GET /ndazfgjt.html HTTP/1.1" 301 162 "http://www.baidu.com" "Mozilla/5.0 (Windows NT 10.0; WOW64; Trident/7.0; rv:11.0) like Gecko"
23.234.7.166 - - [23/Apr/2026:09:50:22 +0800] "GET /ndazfgjt.html HTTP/1.1" 404 739 "http://www.baidu.com" "Mozilla/5.0 (Windows NT 10.0; WOW64; Trident/7.0; rv:11.0) like Gecko"
43.140.211.215 - - [23/Apr/2026:09:51:01 +0800] "GET /hongxiang/hxhy/qhcgykx/150.html HTTP/1.1" 301 162 "-" "Mozilla/5.0 (Windows NT 10.0; Win64; x64) AppleWebKit/537.36 (KHTML, like Gecko) Chrome/145.0.0.0 Safari/537.36"
43.140.211.215 - - [23/Apr/2026:09:51:02 +0800] "GET /hongxiang/hxhy/qhcgykx/150.html HTTP/2.0" 200 9502 "-" "Mozilla/5.0 (Windows NT 10.0; Win64; x64) AppleWebKit/537.36 (KHTML, like Gecko) Chrome/145.0.0.0 Safari/537.36"
60.163.142.88 - - [23/Apr/2026:09:52:16 +0800] "GET /xinwendongtai/791.html HTTP/2.0" 200 4614 "-" "Mozilla/5.0 (Windows NT 10.0; Win64; x64) AppleWebKit/537.36 (KHTML, like Gecko) Chrome/142.0.0.0 Safari/537.36"
60.163.142.88 - - [23/Apr/2026:09:52:16 +0800] "GET /templets/moban/images/menubg.jpg HTTP/2.0" 404 727 "https://www.shgd123.com/templets/moban/style/common_old.css" "Mozilla/5.0 (Windows NT 10.0; Win64; x64) AppleWebKit/537.36 (KHTML, like Gecko) Chrome/142.0.0.0 Safari/537.36"
60.163.142.88 - - [23/Apr/2026:09:52:16 +0800] "GET /plus/count.php?view=yes&aid=791&mid=1 HTTP/2.0" 200 44 "https://www.shgd123.com/xinwendongtai/791.html" "Mozilla/5.0 (Windows NT 10.0; Win64; x64) AppleWebKit/537.36 (KHTML, like Gecko) Chrome/142.0.0.0 Safari/537.36"
85.208.96.198 - - [23/Apr/2026:09:52:16 +0800] "GET /robots.txt HTTP/1.1" 200 521 "-" "Mozilla/5.0 (compatible; SemrushBot/7~bl; +http://www.semrush.com/bot.html)"
60.163.142.88 - - [23/Apr/2026:09:52:16 +0800] "GET /favicon.ico HTTP/2.0" 404 727 "https://www.shgd123.com/xinwendongtai/791.html" "Mozilla/5.0 (Windows NT 10.0; Win64; x64) AppleWebKit/537.36 (KHTML, like Gecko) Chrome/142.0.0.0 Safari/537.36"
185.191.171.14 - - [23/Apr/2026:09:52:17 +0800] "GET /xinwendongtai/733.html HTTP/1.1" 200 4363 "-" "Mozilla/5.0 (compatible; SemrushBot/7~bl; +http://www.semrush.com/bot.html)"
177.211.2.106 - - [23/Apr/2026:09:52:54 +0800] "GET /?kncavw.html HTTP/1.1" 301 162 "http://www.baidu.com" "Mozilla/5.0 (Windows NT 10.0; WOW64; Trident/7.0; rv:11.0) like Gecko"
177.211.2.106 - - [23/Apr/2026:09:52:54 +0800] "GET /?kncavw.html HTTP/1.1" 301 5 "http://www.baidu.com" "Mozilla/5.0 (Windows NT 10.0; WOW64; Trident/7.0; rv:11.0) like Gecko"
38.34.175.123 - - [23/Apr/2026:09:53:03 +0800] "GET /templets/moban/images/menubg.jpg HTTP/1.1" 301 162 "-" "Mozilla/5.0 (Windows NT 6.1; WOW64; rv:53.0) Gecko/20100101 Firefox/53.0"
38.34.175.123 - - [23/Apr/2026:09:53:04 +0800] "GET /templets/moban/images/menubg.jpg HTTP/1.1" 404 739 "-" "Mozilla/5.0 (Windows NT 6.1; WOW64; rv:53.0) Gecko/20100101 Firefox/53.0"
107.149.238.144 - - [23/Apr/2026:09:53:16 +0800] "GET /uploads/allimg/260225/1-260225104419638.JPG HTTP/1.1" 301 162 "http://www.shgd123.com/uploads/allimg/260225/1-260225104419638.JPG" "Mozilla/5.0 (Windows NT 6.1; WOW64; rv:53.0) Gecko/20100101 Firefox/53.0"
107.149.238.144 - - [23/Apr/2026:09:53:17 +0800] "GET /uploads/allimg/260225/1-260225104419638.JPG HTTP/1.1" 200 212685 "http://www.shgd123.com/uploads/allimg/260225/1-260225104419638.JPG" "Mozilla/5.0 (Windows NT 6.1; WOW64; rv:53.0) Gecko/20100101 Firefox/53.0"
177.211.2.106 - - [23/Apr/2026:09:53:22 +0800] "GET /342958fa1ciy.html HTTP/1.1" 301 162 "http://www.baidu.com" "Mozilla/5.0 (Windows NT 10.0; WOW64; Trident/7.0; rv:11.0) like Gecko"
177.211.2.106 - - [23/Apr/2026:09:53:22 +0800] "GET /342958fa1ciy.html HTTP/1.1" 404 739 "http://www.baidu.com" "Mozilla/5.0 (Windows NT 10.0; WOW64; Trident/7.0; rv:11.0) like Gecko"
177.211.2.106 - - [23/Apr/2026:09:53:33 +0800] "GET /?kncavw.html HTTP/1.1" 301 162 "http://www.baidu.com" "Mozilla/5.0 (Windows NT 10.0; WOW64; Trident/7.0; rv:11.0) like Gecko"
177.211.2.106 - - [23/Apr/2026:09:53:33 +0800] "GET /?kncavw.html HTTP/1.1" 301 5 "http://www.baidu.com" "Mozilla/5.0 (Windows NT 10.0; WOW64; Trident/7.0; rv:11.0) like Gecko"
183.60.87.28 - - [23/Apr/2026:09:53:39 +0800] "GET /gaowenlu/gydl/119.html HTTP/1.1" 301 162 "-" "Mozilla/5.0 (Windows NT 10.0; Win64; x64) AppleWebKit/537.36 (KHTML, like Gecko) Chrome/112.0.0.0 Safari/537.36"
183.60.87.28 - - [23/Apr/2026:09:53:39 +0800] "GET /gaowenlu/gydl/119.html HTTP/1.1" 200 7138 "http://shgd123.com/gaowenlu/gydl/119.html" "Mozilla/5.0 (Windows NT 10.0; Win64; x64) AppleWebKit/537.36 (KHTML, like Gecko) Chrome/112.0.0.0 Safari/537.36"
23.234.7.166 - - [23/Apr/2026:09:54:12 +0800] "GET /mfysblxr.html HTTP/1.1" 301 162 "http://www.baidu.com" "Mozilla/5.0 (Windows NT 10.0; WOW64; Trident/7.0; rv:11.0) like Gecko"
23.234.7.166 - - [23/Apr/2026:09:54:12 +0800] "GET /mfysblxr.html HTTP/1.1" 404 739 "http://www.baidu.com" "Mozilla/5.0 (Windows NT 10.0; WOW64; Trident/7.0; rv:11.0) like Gecko"
23.234.7.166 - - [23/Apr/2026:09:54:16 +0800] "GET /mfysblxr.html HTTP/1.1" 301 162 "http://www.baidu.com" "Mozilla/5.0 (Windows NT 10.0; WOW64; Trident/7.0; rv:11.0) like Gecko"
23.234.7.166 - - [23/Apr/2026:09:54:16 +0800] "GET /mfysblxr.html HTTP/1.1" 404 739 "http://www.baidu.com" "Mozilla/5.0 (Windows NT 10.0; WOW64; Trident/7.0; rv:11.0) like Gecko"
177.211.2.106 - - [23/Apr/2026:09:54:25 +0800] "GET /342958fa1ciy.html HTTP/1.1" 301 162 "http://www.baidu.com" "Mozilla/5.0 (Windows NT 10.0; WOW64; Trident/7.0; rv:11.0) like Gecko"
177.211.2.106 - - [23/Apr/2026:09:54:25 +0800] "GET /342958fa1ciy.html HTTP/1.1" 404 739 "http://www.baidu.com" "Mozilla/5.0 (Windows NT 10.0; WOW64; Trident/7.0; rv:11.0) like Gecko"
120.241.209.187 - - [23/Apr/2026:09:55:19 +0800] "GET /suidaolu/sdlhy/lxhgx/282.html HTTP/1.1" 301 162 "-" "Mozilla/5.0 (Windows NT 10.0; Win64; x64) AppleWebKit/537.36 (KHTML, like Gecko) Chrome/106.0.5249.119 Safari/537.36"
120.241.209.253 - - [23/Apr/2026:09:55:20 +0800] "GET /suidaolu/sdlhy/lxhgx/282.html HTTP/1.1" 200 9014 "-" "Mozilla/5.0 (Windows NT 10.0; Win64; x64) AppleWebKit/537.36 (KHTML, like Gecko) Chrome/106.0.5249.119 Safari/537.36"
156.235.188.166 - - [23/Apr/2026:09:55:48 +0800] "GET /cnyzfpli.html HTTP/1.1" 301 162 "http://www.baidu.com" "Mozilla/5.0 (Windows NT 10.0; WOW64; Trident/7.0; rv:11.0) like Gecko"
156.235.188.166 - - [23/Apr/2026:09:55:48 +0800] "GET /cnyzfpli.html HTTP/1.1" 404 739 "http://www.baidu.com" "Mozilla/5.0 (Windows NT 10.0; WOW64; Trident/7.0; rv:11.0) like Gecko"
156.235.188.166 - - [23/Apr/2026:09:55:51 +0800] "GET /cnyzfpli.html HTTP/1.1" 301 162 "http://www.baidu.com" "Mozilla/5.0 (Windows NT 10.0; WOW64; Trident/7.0; rv:11.0) like Gecko"
156.235.188.166 - - [23/Apr/2026:09:55:51 +0800] "GET /cnyzfpli.html HTTP/1.1" 404 739 "http://www.baidu.com" "Mozilla/5.0 (Windows NT 10.0; WOW64; Trident/7.0; rv:11.0) like Gecko"
154.85.196.218 - - [23/Apr/2026:09:55:57 +0800] "GET /uvemdotn.html HTTP/1.1" 301 162 "http://www.baidu.com" "Mozilla/5.0 (Windows NT 10.0; WOW64; Trident/7.0; rv:11.0) like Gecko"
154.85.196.218 - - [23/Apr/2026:09:55:57 +0800] "GET /uvemdotn.html HTTP/1.1" 404 739 "http://www.baidu.com" "Mozilla/5.0 (Windows NT 10.0; WOW64; Trident/7.0; rv:11.0) like Gecko"
154.85.196.218 - - [23/Apr/2026:09:56:01 +0800] "GET /uvemdotn.html HTTP/1.1" 301 162 "http://www.baidu.com" "Mozilla/5.0 (Windows NT 10.0; WOW64; Trident/7.0; rv:11.0) like Gecko"
154.85.196.218 - - [23/Apr/2026:09:56:01 +0800] "GET /uvemdotn.html HTTP/1.1" 404 739 "http://www.baidu.com" "Mozilla/5.0 (Windows NT 10.0; WOW64; Trident/7.0; rv:11.0) like Gecko"
116.204.46.16 - - [23/Apr/2026:09:56:11 +0800] "GET /suidaolu/sdlhy/lxhgx/156.html HTTP/1.1" 301 162 "-" "Mozilla/5.0 (Windows NT 10.0; Win64; x64) AppleWebKit/537.36 (KHTML, like Gecko) Chrome/145.0.0.0 Safari/537.36"
116.204.46.16 - - [23/Apr/2026:09:56:11 +0800] "GET /suidaolu/sdlhy/lxhgx/156.html HTTP/2.0" 200 9383 "-" "Mozilla/5.0 (Windows NT 10.0; Win64; x64) AppleWebKit/537.36 (KHTML, like Gecko) Chrome/145.0.0.0 Safari/537.36"
156.235.189.138 - - [23/Apr/2026:09:56:51 +0800] "GET /5xd7hcydgj.html HTTP/1.1" 301 162 "http://www.baidu.com" "Mozilla/5.0 (Windows NT 10.0; WOW64; Trident/7.0; rv:11.0) like Gecko"
156.235.189.138 - - [23/Apr/2026:09:56:51 +0800] "GET /5xd7hcydgj.html HTTP/1.1" 404 739 "http://www.baidu.com" "Mozilla/5.0 (Windows NT 10.0; WOW64; Trident/7.0; rv:11.0) like Gecko"
23.234.21.2 - - [23/Apr/2026:09:57:10 +0800] "GET /7624135p9erx.html HTTP/1.1" 301 162 "http://www.baidu.com" "Mozilla/5.0 (Windows NT 10.0; WOW64; Trident/7.0; rv:11.0) like Gecko"
23.234.21.2 - - [23/Apr/2026:09:57:10 +0800] "GET /7624135p9erx.html HTTP/1.1" 404 739 "http://www.baidu.com" "Mozilla/5.0 (Windows NT 10.0; WOW64; Trident/7.0; rv:11.0) like Gecko"
111.180.136.120 - - [23/Apr/2026:09:57:34 +0800] "GET /uploads/allimg/250724/1-250H40K943V8.png HTTP/1.1" 301 162 "-" "Mozilla/5.0 (Macintosh; Intel Mac OS X 10_15_7) AppleWebKit/537.36 (KHTML, like Gecko) Chrome/120.0.0.0 Safari/537.36"
117.91.197.208 - - [23/Apr/2026:09:57:35 +0800] "GET /uploads/allimg/250724/1-250H40K943V8.png HTTP/1.1" 301 162 "-" "Mozilla/5.0 (Macintosh; Intel Mac OS X 10_15_7) AppleWebKit/537.36 (KHTML, like Gecko) Chrome/120.0.0.0 Safari/537.36"
183.205.177.227 - - [23/Apr/2026:09:57:35 +0800] "GET /uploads/allimg/250724/1-250H40K943V8.png HTTP/1.1" 301 162 "-" "Mozilla/5.0 (Macintosh; Intel Mac OS X 10_15_7) AppleWebKit/537.36 (KHTML, like Gecko) Chrome/120.0.0.0 Safari/537.36"
60.28.125.194 - - [23/Apr/2026:09:57:35 +0800] "GET /uploads/allimg/250724/1-250H40K943V8.png HTTP/1.1" 301 162 "-" "Mozilla/5.0 (Macintosh; Intel Mac OS X 10_15_7) AppleWebKit/537.36 (KHTML, like Gecko) Chrome/120.0.0.0 Safari/537.36"
129.204.105.50 - - [23/Apr/2026:09:57:49 +0800] "GET /xinwendongtai HTTP/1.1" 301 162 "-" "Mozilla/5.0 (Macintosh; Intel Mac OS X 10_15_7) AppleWebKit/537.36 (KHTML, like Gecko) Chrome/140.0.0.0 newsai/1.0 Safari/537.36"
118.126.124.8 - - [23/Apr/2026:09:57:49 +0800] "GET /xinwendongtai HTTP/2.0" 301 162 "-" "Mozilla/5.0 (Macintosh; Intel Mac OS X 10_15_7) AppleWebKit/537.36 (KHTML, like Gecko) Chrome/140.0.0.0 newsai/1.0 Safari/537.36"
106.54.171.4 - - [23/Apr/2026:09:57:49 +0800] "GET /xinwendongtai/ HTTP/2.0" 200 4556 "-" "Mozilla/5.0 (Macintosh; Intel Mac OS X 10_15_7) AppleWebKit/537.36 (KHTML, like Gecko) Chrome/140.0.0.0 newsai/1.0 Safari/537.36"
42.187.132.237 - - [23/Apr/2026:09:57:51 +0800] "GET /favicon.ico HTTP/2.0" 404 727 "https://www.shgd123.com/xinwendongtai/" "Mozilla/5.0 (Macintosh; Intel Mac OS X 10_15_7) AppleWebKit/537.36 (KHTML, like Gecko) Chrome/140.0.0.0 newsai/1.0 Safari/537.36"
111.225.148.158 - - [23/Apr/2026:09:57:56 +0800] "GET /robots.txt HTTP/1.1" 301 162 "-" "Mozilla/5.0 (Linux; Android 5.0) AppleWebKit/537.36 (KHTML, like Gecko) Mobile Safari/537.36 (compatible; Bytespider; https://zhanzhang.toutiao.com/)"
111.225.148.69 - - [23/Apr/2026:09:57:58 +0800] "GET /robots.txt HTTP/1.1" 200 521 "-" "Mozilla/5.0 (Linux; Android 5.0) AppleWebKit/537.36 (KHTML, like Gecko) Mobile Safari/537.36 (compatible; Bytespider; https://zhanzhang.toutiao.com/)"
114.232.161.28 - - [23/Apr/2026:09:58:03 +0800] "GET /gaowenlu/gydl/ HTTP/1.1" 200 4021 "-" "Mozilla/5.0 (Macintosh; Intel Mac OS X 10_13_6) AppleWebKit/537.36 (KHTML, like Gecko) Brave Chrome/80.0.3987.162 Safari/537.36"
23.234.7.166 - - [23/Apr/2026:09:58:30 +0800] "GET /ovehcmxl.html HTTP/1.1" 301 162 "http://www.baidu.com" "Mozilla/5.0 (Windows NT 10.0; WOW64; Trident/7.0; rv:11.0) like Gecko"
23.234.7.166 - - [23/Apr/2026:09:58:30 +0800] "GET /ovehcmxl.html HTTP/1.1" 404 739 "http://www.baidu.com" "Mozilla/5.0 (Windows NT 10.0; WOW64; Trident/7.0; rv:11.0) like Gecko"
23.234.7.166 - - [23/Apr/2026:09:58:38 +0800] "GET /ovehcmxl.html HTTP/1.1" 301 162 "http://www.baidu.com" "Mozilla/5.0 (Windows NT 10.0; WOW64; Trident/7.0; rv:11.0) like Gecko"
23.234.7.166 - - [23/Apr/2026:09:58:38 +0800] "GET /ovehcmxl.html HTTP/1.1" 404 739 "http://www.baidu.com" "Mozilla/5.0 (Windows NT 10.0; WOW64; Trident/7.0; rv:11.0) like Gecko"
177.211.2.106 - - [23/Apr/2026:09:58:41 +0800] "GET /?bwshpl.html HTTP/1.1" 301 162 "http://www.baidu.com" "Mozilla/5.0 (Windows NT 10.0; WOW64; Trident/7.0; rv:11.0) like Gecko"
177.211.2.106 - - [23/Apr/2026:09:58:42 +0800] "GET /?bwshpl.html HTTP/1.1" 301 5 "http://www.baidu.com" "Mozilla/5.0 (Windows NT 10.0; WOW64; Trident/7.0; rv:11.0) like Gecko"
177.211.2.106 - - [23/Apr/2026:09:58:42 +0800] "GET /?bwshpl.html HTTP/1.1" 301 162 "http://www.baidu.com" "Mozilla/5.0 (Windows NT 10.0; WOW64; Trident/7.0; rv:11.0) like Gecko"
177.211.2.106 - - [23/Apr/2026:09:58:42 +0800] "GET /?bwshpl.html HTTP/1.1" 301 5 "http://www.baidu.com" "Mozilla/5.0 (Windows NT 10.0; WOW64; Trident/7.0; rv:11.0) like Gecko"
43.130.154.56 - - [23/Apr/2026:09:58:56 +0800] "GET /suidaolu/sdlhy/lxhgx/281.html HTTP/1.1" 200 9015 "-" "Mozilla/5.0 (iPhone; CPU iPhone OS 13_2_3 like Mac OS X) AppleWebKit/605.1.15 (KHTML, like Gecko) Version/13.0.3 Mobile/15E148 Safari/604.1"
177.211.2.106 - - [23/Apr/2026:09:59:03 +0800] "GET /581479onmwzu.html HTTP/1.1" 301 162 "http://www.baidu.com" "Mozilla/5.0 (Windows NT 10.0; WOW64; Trident/7.0; rv:11.0) like Gecko"
177.211.2.106 - - [23/Apr/2026:09:59:03 +0800] "GET /581479onmwzu.html HTTP/1.1" 404 739 "http://www.baidu.com" "Mozilla/5.0 (Windows NT 10.0; WOW64; Trident/7.0; rv:11.0) like Gecko"
177.211.2.106 - - [23/Apr/2026:09:59:08 +0800] "GET /581479onmwzu.html HTTP/1.1" 301 162 "http://www.baidu.com" "Mozilla/5.0 (Windows NT 10.0; WOW64; Trident/7.0; rv:11.0) like Gecko"
177.211.2.106 - - [23/Apr/2026:09:59:08 +0800] "GET /581479onmwzu.html HTTP/1.1" 404 739 "http://www.baidu.com" "Mozilla/5.0 (Windows NT 10.0; WOW64; Trident/7.0; rv:11.0) like Gecko"
23.234.21.2 - - [23/Apr/2026:09:59:12 +0800] "GET /7624135p9erx.html HTTP/1.1" 301 162 "http://www.baidu.com" "Mozilla/5.0 (Windows NT 10.0; WOW64; Trident/7.0; rv:11.0) like Gecko"
23.234.21.2 - - [23/Apr/2026:09:59:12 +0800] "GET /7624135p9erx.html HTTP/1.1" 404 739 "http://www.baidu.com" "Mozilla/5.0 (Windows NT 10.0; WOW64; Trident/7.0; rv:11.0) like Gecko"
23.234.28.26 - - [23/Apr/2026:09:59:13 +0800] "GET /vcbgixsk.html HTTP/1.1" 301 162 "http://www.baidu.com" "Mozilla/5.0 (Windows NT 10.0; WOW64; Trident/7.0; rv:11.0) like Gecko"
23.234.28.26 - - [23/Apr/2026:09:59:13 +0800] "GET /vcbgixsk.html HTTP/1.1" 404 739 "http://www.baidu.com" "Mozilla/5.0 (Windows NT 10.0; WOW64; Trident/7.0; rv:11.0) like Gecko"
177.211.2.106 - - [23/Apr/2026:09:59:15 +0800] "GET /?uefrzh.html HTTP/1.1" 301 162 "http://www.baidu.com" "Mozilla/5.0 (Windows NT 10.0; WOW64; Trident/7.0; rv:11.0) like Gecko"
177.211.2.106 - - [23/Apr/2026:09:59:15 +0800] "GET /?uefrzh.html HTTP/1.1" 301 5 "http://www.baidu.com" "Mozilla/5.0 (Windows NT 10.0; WOW64; Trident/7.0; rv:11.0) like Gecko"
177.211.2.106 - - [23/Apr/2026:09:59:16 +0800] "GET /?uefrzh.html HTTP/1.1" 301 162 "http://www.baidu.com" "Mozilla/5.0 (Windows NT 10.0; WOW64; Trident/7.0; rv:11.0) like Gecko"
177.211.2.106 - - [23/Apr/2026:09:59:16 +0800] "GET /?uefrzh.html HTTP/1.1" 301 5 "http://www.baidu.com" "Mozilla/5.0 (Windows NT 10.0; WOW64; Trident/7.0; rv:11.0) like Gecko"
1.92.202.4 - - [23/Apr/2026:09:59:59 +0800] "GET /hongxiang/hxhy/kyyxhx/2.html HTTP/2.0" 200 9769 "-" "Mozilla/5.0 (Windows NT 10.0; Win64; x64) AppleWebKit/537.36 (KHTML, like Gecko) Chrome/143.0.0.0 Safari/537.36"
23.234.60.14 - - [23/Apr/2026:10:00:02 +0800] "GET /ljwksazm.html HTTP/1.1" 301 162 "http://www.baidu.com" "Mozilla/5.0 (Windows NT 10.0; WOW64; Trident/7.0; rv:11.0) like Gecko"
23.234.60.14 - - [23/Apr/2026:10:00:02 +0800] "GET /ljwksazm.html HTTP/1.1" 404 739 "http://www.baidu.com" "Mozilla/5.0 (Windows NT 10.0; WOW64; Trident/7.0; rv:11.0) like Gecko"
23.234.60.14 - - [23/Apr/2026:10:00:04 +0800] "GET /ljwksazm.html HTTP/1.1" 301 162 "http://www.baidu.com" "Mozilla/5.0 (Windows NT 10.0; WOW64; Trident/7.0; rv:11.0) like Gecko"
23.234.60.14 - - [23/Apr/2026:10:00:04 +0800] "GET /ljwksazm.html HTTP/1.1" 404 739 "http://www.baidu.com" "Mozilla/5.0 (Windows NT 10.0; WOW64; Trident/7.0; rv:11.0) like Gecko"
14.116.236.81 - - [23/Apr/2026:10:00:18 +0800] "GET /xinwendongtai/459.html HTTP/1.1" 200 6211 "-" "Mozilla/5.0 (Windows NT 10.0; Win64; x64) AppleWebKit/537.36 (KHTML, like Gecko) Chrome/103.0.0.0 Safari/537.36"
23.234.28.26 - - [23/Apr/2026:10:00:33 +0800] "GET /vcbgixsk.html HTTP/1.1" 301 162 "http://www.baidu.com" "Mozilla/5.0 (Windows NT 10.0; WOW64; Trident/7.0; rv:11.0) like Gecko"
23.234.28.26 - - [23/Apr/2026:10:00:34 +0800] "GET /vcbgixsk.html HTTP/1.1" 404 739 "http://www.baidu.com" "Mozilla/5.0 (Windows NT 10.0; WOW64; Trident/7.0; rv:11.0) like Gecko"
23.234.7.166 - - [23/Apr/2026:10:02:45 +0800] "GET /hvqfoljx.html HTTP/1.1" 301 162 "http://www.baidu.com" "Mozilla/5.0 (Windows NT 10.0; WOW64; Trident/7.0; rv:11.0) like Gecko"
23.234.7.166 - - [23/Apr/2026:10:02:45 +0800] "GET /hvqfoljx.html HTTP/1.1" 404 739 "http://www.baidu.com" "Mozilla/5.0 (Windows NT 10.0; WOW64; Trident/7.0; rv:11.0) like Gecko"
23.234.7.166 - - [23/Apr/2026:10:02:50 +0800] "GET /hvqfoljx.html HTTP/1.1" 301 162 "http://www.baidu.com" "Mozilla/5.0 (Windows NT 10.0; WOW64; Trident/7.0; rv:11.0) like Gecko"
23.234.7.166 - - [23/Apr/2026:10:02:50 +0800] "GET /hvqfoljx.html HTTP/1.1" 404 739 "http://www.baidu.com" "Mozilla/5.0 (Windows NT 10.0; WOW64; Trident/7.0; rv:11.0) like Gecko"
154.85.196.218 - - [23/Apr/2026:10:03:43 +0800] "GET /fckxjsar.html HTTP/1.1" 301 162 "http://www.baidu.com" "Mozilla/5.0 (Windows NT 10.0; WOW64; Trident/7.0; rv:11.0) like Gecko"
154.85.196.218 - - [23/Apr/2026:10:03:43 +0800] "GET /fckxjsar.html HTTP/1.1" 404 739 "http://www.baidu.com" "Mozilla/5.0 (Windows NT 10.0; WOW64; Trident/7.0; rv:11.0) like Gecko"
154.85.196.218 - - [23/Apr/2026:10:03:47 +0800] "GET /fckxjsar.html HTTP/1.1" 301 162 "http://www.baidu.com" "Mozilla/5.0 (Windows NT 10.0; WOW64; Trident/7.0; rv:11.0) like Gecko"
154.85.196.218 - - [23/Apr/2026:10:03:47 +0800] "GET /fckxjsar.html HTTP/1.1" 404 739 "http://www.baidu.com" "Mozilla/5.0 (Windows NT 10.0; WOW64; Trident/7.0; rv:11.0) like Gecko"
120.39.144.17 - - [23/Apr/2026:10:04:07 +0800] "GET /xinwendongtai/766.html HTTP/1.1" 200 4453 "-" "Mozilla/5.0 (Windows NT 6.1; WOW64) AppleWebKit/537.36 (KHTML, like Gecko) Chrome/74.0.3729.131 Safari/537.36"
122.191.124.232 - - [23/Apr/2026:10:04:31 +0800] "GET /gaowenlu/rfjxl/387.html HTTP/1.1" 200 7905 "-" "Mozilla/5.0 (Windows NT 10.0; Win64; x64) AppleWebKit/537.36 (KHTML, like Gecko) Chrome/90.0.4430.212 Safari/537.36"
23.234.21.2 - - [23/Apr/2026:10:04:43 +0800] "GET /213675.html HTTP/1.1" 301 162 "http://www.baidu.com" "Mozilla/5.0 (Windows NT 10.0; WOW64; Trident/7.0; rv:11.0) like Gecko"
23.234.21.2 - - [23/Apr/2026:10:04:43 +0800] "GET /213675.html HTTP/1.1" 404 739 "http://www.baidu.com" "Mozilla/5.0 (Windows NT 10.0; WOW64; Trident/7.0; rv:11.0) like Gecko"
116.204.106.172 - - [23/Apr/2026:10:04:46 +0800] "GET /suidaolu/sdlhy/yzsdl/198.html HTTP/2.0" 200 9066 "-" "Mozilla/5.0 (Macintosh; Intel Mac OS X 10_15_7) AppleWebKit/537.36 (KHTML, like Gecko) Chrome/141.0.0.0 Safari/537.36"
23.234.21.2 - - [23/Apr/2026:10:05:06 +0800] "GET /213675.html HTTP/1.1" 301 162 "http://www.baidu.com" "Mozilla/5.0 (Windows NT 10.0; WOW64; Trident/7.0; rv:11.0) like Gecko"
23.234.21.2 - - [23/Apr/2026:10:05:06 +0800] "GET /213675.html HTTP/1.1" 404 739 "http://www.baidu.com" "Mozilla/5.0 (Windows NT 10.0; WOW64; Trident/7.0; rv:11.0) like Gecko"
36.104.216.142 - - [23/Apr/2026:10:05:13 +0800] "GET /xinwendongtai/771.html HTTP/1.1" 200 4563 "-" "Mozilla/5.0 (Windows NT 10.0; Win64; x64) AppleWebKit/537.36 (KHTML, like Gecko) Chrome/81.0.4044.113 Safari/537.36"
156.235.188.166 - - [23/Apr/2026:10:06:24 +0800] "GET /jwfvtuzy.html HTTP/1.1" 301 162 "http://www.baidu.com" "Mozilla/5.0 (Windows NT 10.0; WOW64; Trident/7.0; rv:11.0) like Gecko"
156.235.188.166 - - [23/Apr/2026:10:06:25 +0800] "GET /jwfvtuzy.html HTTP/1.1" 404 739 "http://www.baidu.com" "Mozilla/5.0 (Windows NT 10.0; WOW64; Trident/7.0; rv:11.0) like Gecko"
156.235.188.166 - - [23/Apr/2026:10:06:28 +0800] "GET /jwfvtuzy.html HTTP/1.1" 301 162 "http://www.baidu.com" "Mozilla/5.0 (Windows NT 10.0; WOW64; Trident/7.0; rv:11.0) like Gecko"
156.235.188.166 - - [23/Apr/2026:10:06:28 +0800] "GET /jwfvtuzy.html HTTP/1.1" 404 739 "http://www.baidu.com" "Mozilla/5.0 (Windows NT 10.0; WOW64; Trident/7.0; rv:11.0) like Gecko"
219.136.244.85 - - [23/Apr/2026:10:07:31 +0800] "GET /xinwendongtai/503.html HTTP/1.1" 301 162 "-" "Mozilla/5.0 (Windows NT 10.0; Win64; x64) AppleWebKit/537.36 (KHTML, like Gecko) Chrome/112.0.0.0 Safari/537.36"
157.148.59.125 - - [23/Apr/2026:10:07:32 +0800] "GET /xinwendongtai/503.html HTTP/1.1" 200 6016 "-" "Mozilla/5.0 (Windows NT 10.0; Win64; x64) AppleWebKit/537.36 (KHTML, like Gecko) Chrome/112.0.0.0 Safari/537.36"
14.29.109.44 - - [23/Apr/2026:10:07:32 +0800] "GET /plus/count.php?view=yes&aid=503&mid=1 HTTP/1.1" 200 55 "https://shgd123.com/xinwendongtai/503.html" "Mozilla/5.0 (Windows NT 10.0; Win64; x64) AppleWebKit/537.36 (KHTML, like Gecko) Chrome/112.0.0.0 Safari/537.36"
104.233.249.188 - - [23/Apr/2026:10:07:34 +0800] "GET /plus/count.php?view=yes&aid=679&mid=1 HTTP/1.1" 301 162 "http://www.baidu.com" "Mozilla/5.0 (Windows NT 10.0; WOW64; Trident/7.0; rv:11.0) like Gecko"
104.233.249.188 - - [23/Apr/2026:10:07:35 +0800] "GET /plus/count.php?view=yes&aid=679&mid=1 HTTP/1.1" 200 55 "http://www.baidu.com" "Mozilla/5.0 (Windows NT 10.0; WOW64; Trident/7.0; rv:11.0) like Gecko"
14.29.109.94 - - [23/Apr/2026:10:07:37 +0800] "GET /xinwendongtai/642.html HTTP/1.1" 200 4684 "-" "Mozilla/5.0 (Windows NT 10.0; Win64; x64) AppleWebKit/537.36 (KHTML, like Gecko) Chrome/103.0.0.0 Safari/537.36"
157.148.43.93 - - [23/Apr/2026:10:07:38 +0800] "GET /plus/count.php?view=yes&aid=642&mid=1 HTTP/1.1" 200 55 "https://shgd123.com/xinwendongtai/642.html" "Mozilla/5.0 (Windows NT 10.0; Win64; x64) AppleWebKit/537.36 (KHTML, like Gecko) Chrome/103.0.0.0 Safari/537.36"
157.148.59.62 - - [23/Apr/2026:10:07:43 +0800] "GET /xinwendongtai/505.html HTTP/1.1" 301 162 "-" "Mozilla/5.0 (Windows NT 10.0; Win64; x64) AppleWebKit/537.36 (KHTML, like Gecko) Chrome/131.0.0.0 Safari/537.36"
14.29.109.25 - - [23/Apr/2026:10:07:44 +0800] "GET /xinwendongtai/505.html HTTP/1.1" 200 6317 "-" "Mozilla/5.0 (Windows NT 10.0; Win64; x64) AppleWebKit/537.36 (KHTML, like Gecko) Chrome/131.0.0.0 Safari/537.36"
157.148.43.219 - - [23/Apr/2026:10:07:44 +0800] "GET /plus/count.php?view=yes&aid=505&mid=1 HTTP/1.1" 200 55 "https://shgd123.com/xinwendongtai/505.html" "Mozilla/5.0 (Windows NT 10.0; Win64; x64) AppleWebKit/537.36 (KHTML, like Gecko) Chrome/131.0.0.0 Safari/537.36"
66.249.79.36 - - [23/Apr/2026:10:08:08 +0800] "GET /xinwendongtai/481.html HTTP/1.1" 200 6178 "-" "Mozilla/5.0 (Linux; Android 6.0.1; Nexus 5X Build/MMB29P) AppleWebKit/537.36 (KHTML, like Gecko) Chrome/146.0.7680.177 Mobile Safari/537.36 (compatible; Googlebot/2.1; +http://www.google.com/bot.html)"
23.234.28.26 - - [23/Apr/2026:10:08:16 +0800] "GET /szxcldtq.html HTTP/1.1" 301 162 "http://www.baidu.com" "Mozilla/5.0 (Windows NT 10.0; WOW64; Trident/7.0; rv:11.0) like Gecko"
23.234.28.26 - - [23/Apr/2026:10:08:16 +0800] "GET /szxcldtq.html HTTP/1.1" 404 739 "http://www.baidu.com" "Mozilla/5.0 (Windows NT 10.0; WOW64; Trident/7.0; rv:11.0) like Gecko"
180.108.205.202 - - [23/Apr/2026:10:08:18 +0800] "GET / HTTP/2.0" 301 0 "https://www.baidu.com/link?url=J4iWvj5FOaHeQ1tS-F6tKYyPKDaFVXJ2qECXHHQDsUs-sYwjehSqN4D0D80_kHq4&wd=&eqid=e57c4756002e75d50000000469e97f0b" "Mozilla/5.0 (Windows NT 10.0; Win64; x64) AppleWebKit/537.36 (KHTML, like Gecko) Chrome/142.0.0.0 Safari/537.36 Edg/142.0.0.0"
180.108.205.202 - - [23/Apr/2026:10:08:18 +0800] "GET /index.html HTTP/2.0" 200 11053 "https://www.baidu.com/link?url=J4iWvj5FOaHeQ1tS-F6tKYyPKDaFVXJ2qECXHHQDsUs-sYwjehSqN4D0D80_kHq4&wd=&eqid=e57c4756002e75d50000000469e97f0b" "Mozilla/5.0 (Windows NT 10.0; Win64; x64) AppleWebKit/537.36 (KHTML, like Gecko) Chrome/142.0.0.0 Safari/537.36 Edg/142.0.0.0"
180.108.205.202 - - [23/Apr/2026:10:08:19 +0800] "GET /style/css.css HTTP/2.0" 404 727 "https://www.shgd123.com/index.html" "Mozilla/5.0 (Windows NT 10.0; Win64; x64) AppleWebKit/537.36 (KHTML, like Gecko) Chrome/142.0.0.0 Safari/537.36 Edg/142.0.0.0"
23.234.28.26 - - [23/Apr/2026:10:08:19 +0800] "GET /szxcldtq.html HTTP/1.1" 301 162 "http://www.baidu.com" "Mozilla/5.0 (Windows NT 10.0; WOW64; Trident/7.0; rv:11.0) like Gecko"
23.234.28.26 - - [23/Apr/2026:10:08:19 +0800] "GET /szxcldtq.html HTTP/1.1" 404 739 "http://www.baidu.com" "Mozilla/5.0 (Windows NT 10.0; WOW64; Trident/7.0; rv:11.0) like Gecko"
180.108.205.202 - - [23/Apr/2026:10:08:22 +0800] "GET /templets/moban/images/menubg.jpg HTTP/2.0" 404 727 "https://www.shgd123.com/templets/moban/style/common.css" "Mozilla/5.0 (Windows NT 10.0; Win64; x64) AppleWebKit/537.36 (KHTML, like Gecko) Chrome/142.0.0.0 Safari/537.36 Edg/142.0.0.0"
180.108.205.202 - - [23/Apr/2026:10:08:22 +0800] "GET /favicon.ico HTTP/2.0" 404 727 "https://www.shgd123.com/index.html" "Mozilla/5.0 (Windows NT 10.0; Win64; x64) AppleWebKit/537.36 (KHTML, like Gecko) Chrome/142.0.0.0 Safari/537.36 Edg/142.0.0.0"
114.119.153.132 - - [23/Apr/2026:10:08:57 +0800] "GET /robots.txt HTTP/1.1" 200 521 "-" "Mozilla/5.0 (compatible;PetalBot;+https://webmaster.petalsearch.com/site/petalbot)"
116.204.98.177 - - [23/Apr/2026:10:08:59 +0800] "GET /tzsb/xhrfj/110.html HTTP/2.0" 200 7160 "-" "Mozilla/5.0 (Macintosh; Intel Mac OS X 10_15_7) AppleWebKit/537.36 (KHTML, like Gecko) Chrome/143.0.0.0 Safari/537.36"
116.204.98.177 - - [23/Apr/2026:10:08:59 +0800] "GET /tzsb/xhrfj/style/crusher_article.css HTTP/2.0" 404 727 "https://shgd123.com/tzsb/xhrfj/110.html" "Mozilla/5.0 (Macintosh; Intel Mac OS X 10_15_7) AppleWebKit/537.36 (KHTML, like Gecko) Chrome/143.0.0.0 Safari/537.36"
170.106.113.159 - - [23/Apr/2026:10:09:06 +0800] "GET /suidaolu/sdlhy/rhdsdl/444.html HTTP/1.1" 200 9446 "-" "Mozilla/5.0 (iPhone; CPU iPhone OS 13_2_3 like Mac OS X) AppleWebKit/605.1.15 (KHTML, like Gecko) Version/13.0.3 Mobile/15E148 Safari/604.1"
180.108.205.202 - - [23/Apr/2026:10:09:06 +0800] "GET /suidaolu/sdlhy/wmgsdl/418.html HTTP/2.0" 200 9362 "https://www.shgd123.com/index.html" "Mozilla/5.0 (Windows NT 10.0; Win64; x64) AppleWebKit/537.36 (KHTML, like Gecko) Chrome/142.0.0.0 Safari/537.36 Edg/142.0.0.0"
180.108.205.202 - - [23/Apr/2026:10:09:06 +0800] "GET /templets/moban/images/menubg.jpg HTTP/2.0" 404 727 "https://www.shgd123.com/templets/moban/style/common_old.css" "Mozilla/5.0 (Windows NT 10.0; Win64; x64) AppleWebKit/537.36 (KHTML, like Gecko) Chrome/142.0.0.0 Safari/537.36 Edg/142.0.0.0"
45.197.32.94 - - [23/Apr/2026:10:09:48 +0800] "GET /news/616e799376.html HTTP/1.1" 301 162 "http://www.baidu.com" "Mozilla/5.0 (Windows NT 10.0; WOW64; Trident/7.0; rv:11.0) like Gecko"
45.197.32.94 - - [23/Apr/2026:10:09:48 +0800] "GET /news/616e799376.html HTTP/1.1" 404 739 "http://www.baidu.com" "Mozilla/5.0 (Windows NT 10.0; WOW64; Trident/7.0; rv:11.0) like Gecko"
177.211.2.106 - - [23/Apr/2026:10:10:00 +0800] "GET /?vjgwnr.html HTTP/1.1" 301 162 "http://www.baidu.com" "Mozilla/5.0 (Windows NT 10.0; WOW64; Trident/7.0; rv:11.0) like Gecko"
177.211.2.106 - - [23/Apr/2026:10:10:00 +0800] "GET /?vjgwnr.html HTTP/1.1" 301 5 "http://www.baidu.com" "Mozilla/5.0 (Windows NT 10.0; WOW64; Trident/7.0; rv:11.0) like Gecko"
177.211.2.106 - - [23/Apr/2026:10:10:03 +0800] "GET /?vjgwnr.html HTTP/1.1" 301 162 "http://www.baidu.com" "Mozilla/5.0 (Windows NT 10.0; WOW64; Trident/7.0; rv:11.0) like Gecko"
177.211.2.106 - - [23/Apr/2026:10:10:03 +0800] "GET /?vjgwnr.html HTTP/1.1" 301 5 "http://www.baidu.com" "Mozilla/5.0 (Windows NT 10.0; WOW64; Trident/7.0; rv:11.0) like Gecko"
36.49.75.40 - - [23/Apr/2026:10:10:05 +0800] "GET /xinwendongtai/779.html HTTP/1.1" 200 4801 "-" "Mozilla/5.0 (Macintosh; Intel Mac OS X 10_15_7) AppleWebKit/537.36 (KHTML, like Gecko) Brave Chrome/87.0.4280.60 Safari/537.36"
180.108.205.202 - - [23/Apr/2026:10:10:07 +0800] "GET /suidaolu/sdlhy/gwsjl/424.html HTTP/2.0" 200 9603 "https://www.shgd123.com/suidaolu/sdlhy/wmgsdl/418.html" "Mozilla/5.0 (Windows NT 10.0; Win64; x64) AppleWebKit/537.36 (KHTML, like Gecko) Chrome/142.0.0.0 Safari/537.36 Edg/142.0.0.0"
180.108.205.202 - - [23/Apr/2026:10:10:07 +0800] "GET /templets/moban/images/menubg.jpg HTTP/2.0" 404 727 "https://www.shgd123.com/templets/moban/style/common_old.css" "Mozilla/5.0 (Windows NT 10.0; Win64; x64) AppleWebKit/537.36 (KHTML, like Gecko) Chrome/142.0.0.0 Safari/537.36 Edg/142.0.0.0"
23.234.7.166 - - [23/Apr/2026:10:11:18 +0800] "GET /ucszbtlq.html HTTP/1.1" 301 162 "http://www.baidu.com" "Mozilla/5.0 (Windows NT 10.0; WOW64; Trident/7.0; rv:11.0) like Gecko"
23.234.7.166 - - [23/Apr/2026:10:11:18 +0800] "GET /ucszbtlq.html HTTP/1.1" 404 739 "http://www.baidu.com" "Mozilla/5.0 (Windows NT 10.0; WOW64; Trident/7.0; rv:11.0) like Gecko"
23.234.7.166 - - [23/Apr/2026:10:11:22 +0800] "GET /ucszbtlq.html HTTP/1.1" 301 162 "http://www.baidu.com" "Mozilla/5.0 (Windows NT 10.0; WOW64; Trident/7.0; rv:11.0) like Gecko"
23.234.7.166 - - [23/Apr/2026:10:11:22 +0800] "GET /ucszbtlq.html HTTP/1.1" 404 739 "http://www.baidu.com" "Mozilla/5.0 (Windows NT 10.0; WOW64; Trident/7.0; rv:11.0) like Gecko"
154.85.196.218 - - [23/Apr/2026:10:11:30 +0800] "GET /vihcyoeu.html HTTP/1.1" 301 162 "http://www.baidu.com" "Mozilla/5.0 (Windows NT 10.0; WOW64; Trident/7.0; rv:11.0) like Gecko"
154.85.196.218 - - [23/Apr/2026:10:11:30 +0800] "GET /vihcyoeu.html HTTP/1.1" 404 739 "http://www.baidu.com" "Mozilla/5.0 (Windows NT 10.0; WOW64; Trident/7.0; rv:11.0) like Gecko"
23.234.60.14 - - [23/Apr/2026:10:11:34 +0800] "GET /mpwtfxdn.html HTTP/1.1" 301 162 "http://www.baidu.com" "Mozilla/5.0 (Windows NT 10.0; WOW64; Trident/7.0; rv:11.0) like Gecko"
23.234.60.14 - - [23/Apr/2026:10:11:34 +0800] "GET /mpwtfxdn.html HTTP/1.1" 404 739 "http://www.baidu.com" "Mozilla/5.0 (Windows NT 10.0; WOW64; Trident/7.0; rv:11.0) like Gecko"
180.108.205.202 - - [23/Apr/2026:10:11:36 +0800] "GET /suidaolu/sdlhy/bttsdl/ HTTP/2.0" 200 4160 "https://www.shgd123.com/suidaolu/sdlhy/gwsjl/424.html" "Mozilla/5.0 (Windows NT 10.0; Win64; x64) AppleWebKit/537.36 (KHTML, like Gecko) Chrome/142.0.0.0 Safari/537.36 Edg/142.0.0.0"
180.108.205.202 - - [23/Apr/2026:10:11:36 +0800] "GET /templets/moban/images/menubg.jpg HTTP/2.0" 404 727 "https://www.shgd123.com/templets/moban/style/common.css" "Mozilla/5.0 (Windows NT 10.0; Win64; x64) AppleWebKit/537.36 (KHTML, like Gecko) Chrome/142.0.0.0 Safari/537.36 Edg/142.0.0.0"
180.108.205.202 - - [23/Apr/2026:10:11:43 +0800] "GET /suidaolu/sdlhy/bttsdl/298.html HTTP/2.0" 200 9054 "https://www.shgd123.com/suidaolu/sdlhy/bttsdl/" "Mozilla/5.0 (Windows NT 10.0; Win64; x64) AppleWebKit/537.36 (KHTML, like Gecko) Chrome/142.0.0.0 Safari/537.36 Edg/142.0.0.0"
180.108.205.202 - - [23/Apr/2026:10:11:43 +0800] "GET /templets/moban/images/menubg.jpg HTTP/2.0" 404 727 "https://www.shgd123.com/templets/moban/style/common_old.css" "Mozilla/5.0 (Windows NT 10.0; Win64; x64) AppleWebKit/537.36 (KHTML, like Gecko) Chrome/142.0.0.0 Safari/537.36 Edg/142.0.0.0"
45.197.32.94 - - [23/Apr/2026:10:11:54 +0800] "GET /news/33e799959.html HTTP/1.1" 301 162 "http://www.baidu.com" "Mozilla/5.0 (Windows NT 10.0; WOW64; Trident/7.0; rv:11.0) like Gecko"
45.197.32.94 - - [23/Apr/2026:10:11:54 +0800] "GET /news/33e799959.html HTTP/1.1" 404 739 "http://www.baidu.com" "Mozilla/5.0 (Windows NT 10.0; WOW64; Trident/7.0; rv:11.0) like Gecko"
23.234.21.2 - - [23/Apr/2026:10:12:15 +0800] "GET /297451.html HTTP/1.1" 301 162 "http://www.baidu.com" "Mozilla/5.0 (Windows NT 10.0; WOW64; Trident/7.0; rv:11.0) like Gecko"
23.234.21.2 - - [23/Apr/2026:10:12:15 +0800] "GET /297451.html HTTP/1.1" 404 739 "http://www.baidu.com" "Mozilla/5.0 (Windows NT 10.0; WOW64; Trident/7.0; rv:11.0) like Gecko"
23.234.21.2 - - [23/Apr/2026:10:12:20 +0800] "GET /297451.html HTTP/1.1" 301 162 "http://www.baidu.com" "Mozilla/5.0 (Windows NT 10.0; WOW64; Trident/7.0; rv:11.0) like Gecko"
23.234.21.2 - - [23/Apr/2026:10:12:20 +0800] "GET /297451.html HTTP/1.1" 404 739 "http://www.baidu.com" "Mozilla/5.0 (Windows NT 10.0; WOW64; Trident/7.0; rv:11.0) like Gecko"
177.211.2.106 - - [23/Apr/2026:10:12:38 +0800] "GET /34192074hjne.html HTTP/1.1" 301 162 "http://www.baidu.com" "Mozilla/5.0 (Windows NT 10.0; WOW64; Trident/7.0; rv:11.0) like Gecko"
177.211.2.106 - - [23/Apr/2026:10:12:39 +0800] "GET /34192074hjne.html HTTP/1.1" 404 739 "http://www.baidu.com" "Mozilla/5.0 (Windows NT 10.0; WOW64; Trident/7.0; rv:11.0) like Gecko"
177.211.2.106 - - [23/Apr/2026:10:12:41 +0800] "GET /34192074hjne.html HTTP/1.1" 301 162 "http://www.baidu.com" "Mozilla/5.0 (Windows NT 10.0; WOW64; Trident/7.0; rv:11.0) like Gecko"
177.211.2.106 - - [23/Apr/2026:10:12:41 +0800] "GET /34192074hjne.html HTTP/1.1" 404 739 "http://www.baidu.com" "Mozilla/5.0 (Windows NT 10.0; WOW64; Trident/7.0; rv:11.0) like Gecko"
154.85.196.218 - - [23/Apr/2026:10:12:41 +0800] "GET /vihcyoeu.html HTTP/1.1" 301 162 "http://www.baidu.com" "Mozilla/5.0 (Windows NT 10.0; WOW64; Trident/7.0; rv:11.0) like Gecko"
154.85.196.218 - - [23/Apr/2026:10:12:41 +0800] "GET /vihcyoeu.html HTTP/1.1" 404 739 "http://www.baidu.com" "Mozilla/5.0 (Windows NT 10.0; WOW64; Trident/7.0; rv:11.0) like Gecko"
23.234.60.14 - - [23/Apr/2026:10:12:47 +0800] "GET /mpwtfxdn.html HTTP/1.1" 301 162 "http://www.baidu.com" "Mozilla/5.0 (Windows NT 10.0; WOW64; Trident/7.0; rv:11.0) like Gecko"
23.234.60.14 - - [23/Apr/2026:10:12:47 +0800] "GET /mpwtfxdn.html HTTP/1.1" 404 739 "http://www.baidu.com" "Mozilla/5.0 (Windows NT 10.0; WOW64; Trident/7.0; rv:11.0) like Gecko"
1.92.195.32 - - [23/Apr/2026:10:13:03 +0800] "GET /hongxiang/hxpz/bzrfhx/158.html HTTP/1.1" 301 162 "-" "Mozilla/5.0 (Windows NT 10.0; Win64; x64) AppleWebKit/537.36 (KHTML, like Gecko) Chrome/145.0.0.0 Safari/537.36"
1.92.195.32 - - [23/Apr/2026:10:13:04 +0800] "GET /hongxiang/hxpz/bzrfhx/158.html HTTP/2.0" 200 8801 "-" "Mozilla/5.0 (Windows NT 10.0; Win64; x64) AppleWebKit/537.36 (KHTML, like Gecko) Chrome/145.0.0.0 Safari/537.36"
156.235.188.166 - - [23/Apr/2026:10:13:22 +0800] "GET /zxorsdjh.html HTTP/1.1" 301 162 "http://www.baidu.com" "Mozilla/5.0 (Windows NT 10.0; WOW64; Trident/7.0; rv:11.0) like Gecko"
156.235.188.166 - - [23/Apr/2026:10:13:22 +0800] "GET /zxorsdjh.html HTTP/1.1" 404 739 "http://www.baidu.com" "Mozilla/5.0 (Windows NT 10.0; WOW64; Trident/7.0; rv:11.0) like Gecko"
156.235.188.166 - - [23/Apr/2026:10:13:26 +0800] "GET /zxorsdjh.html HTTP/1.1" 301 162 "http://www.baidu.com" "Mozilla/5.0 (Windows NT 10.0; WOW64; Trident/7.0; rv:11.0) like Gecko"
156.235.188.166 - - [23/Apr/2026:10:13:26 +0800] "GET /zxorsdjh.html HTTP/1.1" 404 739 "http://www.baidu.com" "Mozilla/5.0 (Windows NT 10.0; WOW64; Trident/7.0; rv:11.0) like Gecko"
23.234.28.26 - - [23/Apr/2026:10:14:23 +0800] "GET /rxyodmhb.html HTTP/1.1" 301 162 "http://www.baidu.com" "Mozilla/5.0 (Windows NT 10.0; WOW64; Trident/7.0; rv:11.0) like Gecko"
23.234.28.26 - - [23/Apr/2026:10:14:24 +0800] "GET /rxyodmhb.html HTTP/1.1" 404 739 "http://www.baidu.com" "Mozilla/5.0 (Windows NT 10.0; WOW64; Trident/7.0; rv:11.0) like Gecko"
23.234.28.26 - - [23/Apr/2026:10:14:24 +0800] "GET /sglctahn.html HTTP/1.1" 301 162 "http://www.baidu.com" "Mozilla/5.0 (Windows NT 10.0; WOW64; Trident/7.0; rv:11.0) like Gecko"
23.234.28.26 - - [23/Apr/2026:10:14:24 +0800] "GET /sglctahn.html HTTP/1.1" 404 739 "http://www.baidu.com" "Mozilla/5.0 (Windows NT 10.0; WOW64; Trident/7.0; rv:11.0) like Gecko"
23.234.28.26 - - [23/Apr/2026:10:14:26 +0800] "GET /rxyodmhb.html HTTP/1.1" 301 162 "http://www.baidu.com" "Mozilla/5.0 (Windows NT 10.0; WOW64; Trident/7.0; rv:11.0) like Gecko"
23.234.28.26 - - [23/Apr/2026:10:14:26 +0800] "GET /rxyodmhb.html HTTP/1.1" 404 739 "http://www.baidu.com" "Mozilla/5.0 (Windows NT 10.0; WOW64; Trident/7.0; rv:11.0) like Gecko"
154.85.204.110 - - [23/Apr/2026:10:14:40 +0800] "GET /196250vyflax.html HTTP/1.1" 301 162 "http://www.baidu.com" "Mozilla/5.0 (Windows NT 10.0; WOW64; Trident/7.0; rv:11.0) like Gecko"
154.85.204.110 - - [23/Apr/2026:10:14:40 +0800] "GET /196250vyflax.html HTTP/1.1" 404 739 "http://www.baidu.com" "Mozilla/5.0 (Windows NT 10.0; WOW64; Trident/7.0; rv:11.0) like Gecko"
106.37.122.104 - - [23/Apr/2026:10:14:48 +0800] "GET /hongxiang/hxhy/ydggykx/264.html HTTP/1.1" 200 8747 "-" "Mozilla/5.0 (Macintosh; Intel Mac OS X 10_12_6) AppleWebKit/537.36 (KHTML, like Gecko) Brave Chrome/87.0.4280.67 Safari/537.36"
177.211.2.106 - - [23/Apr/2026:10:15:25 +0800] "GET /081429g5itcs.html HTTP/1.1" 301 162 "http://www.baidu.com" "Mozilla/5.0 (Windows NT 10.0; WOW64; Trident/7.0; rv:11.0) like Gecko"
177.211.2.106 - - [23/Apr/2026:10:15:25 +0800] "GET /081429g5itcs.html HTTP/1.1" 404 739 "http://www.baidu.com" "Mozilla/5.0 (Windows NT 10.0; WOW64; Trident/7.0; rv:11.0) like Gecko"
177.211.2.106 - - [23/Apr/2026:10:15:30 +0800] "GET /081429g5itcs.html HTTP/1.1" 301 162 "http://www.baidu.com" "Mozilla/5.0 (Windows NT 10.0; WOW64; Trident/7.0; rv:11.0) like Gecko"
177.211.2.106 - - [23/Apr/2026:10:15:30 +0800] "GET /081429g5itcs.html HTTP/1.1" 404 739 "http://www.baidu.com" "Mozilla/5.0 (Windows NT 10.0; WOW64; Trident/7.0; rv:11.0) like Gecko"
83.97.23.180 - - [23/Apr/2026:10:15:31 +0800] "GET /wp-login.php HTTP/1.1" 301 162 "-" "Mozilla/5.0 (Windows NT 10.0; Win64; x64) AppleWebKit/537.36 (KHTML, like Gecko) Chrome/91.0.4472.124 Safari/537.36"
83.97.23.180 - - [23/Apr/2026:10:15:32 +0800] "GET /wp-login.php HTTP/2.0" 404 727 "-" "Mozilla/5.0 (Windows NT 10.0; Win64; x64) AppleWebKit/537.36 (KHTML, like Gecko) Chrome/91.0.4472.124 Safari/537.36"
23.234.7.166 - - [23/Apr/2026:10:15:35 +0800] "GET /lakszduo.html HTTP/1.1" 301 162 "http://www.baidu.com" "Mozilla/5.0 (Windows NT 10.0; WOW64; Trident/7.0; rv:11.0) like Gecko"
23.234.7.166 - - [23/Apr/2026:10:15:35 +0800] "GET /lakszduo.html HTTP/1.1" 404 739 "http://www.baidu.com" "Mozilla/5.0 (Windows NT 10.0; WOW64; Trident/7.0; rv:11.0) like Gecko"
23.234.7.166 - - [23/Apr/2026:10:15:42 +0800] "GET /lakszduo.html HTTP/1.1" 301 162 "http://www.baidu.com" "Mozilla/5.0 (Windows NT 10.0; WOW64; Trident/7.0; rv:11.0) like Gecko"
23.234.7.166 - - [23/Apr/2026:10:15:42 +0800] "GET /lakszduo.html HTTP/1.1" 404 739 "http://www.baidu.com" "Mozilla/5.0 (Windows NT 10.0; WOW64; Trident/7.0; rv:11.0) like Gecko"
156.235.188.166 - - [23/Apr/2026:10:15:50 +0800] "GET /nfwaxgls.html HTTP/1.1" 301 162 "http://www.baidu.com" "Mozilla/5.0 (Windows NT 10.0; WOW64; Trident/7.0; rv:11.0) like Gecko"
156.235.188.166 - - [23/Apr/2026:10:15:51 +0800] "GET /nfwaxgls.html HTTP/1.1" 404 739 "http://www.baidu.com" "Mozilla/5.0 (Windows NT 10.0; WOW64; Trident/7.0; rv:11.0) like Gecko"
23.234.28.26 - - [23/Apr/2026:10:15:51 +0800] "GET /sglctahn.html HTTP/1.1" 301 162 "http://www.baidu.com" "Mozilla/5.0 (Windows NT 10.0; WOW64; Trident/7.0; rv:11.0) like Gecko"
23.234.28.26 - - [23/Apr/2026:10:15:51 +0800] "GET /sglctahn.html HTTP/1.1" 404 739 "http://www.baidu.com" "Mozilla/5.0 (Windows NT 10.0; WOW64; Trident/7.0; rv:11.0) like Gecko"
156.235.188.166 - - [23/Apr/2026:10:15:57 +0800] "GET /nfwaxgls.html HTTP/1.1" 301 162 "http://www.baidu.com" "Mozilla/5.0 (Windows NT 10.0; WOW64; Trident/7.0; rv:11.0) like Gecko"
156.235.188.166 - - [23/Apr/2026:10:15:57 +0800] "GET /nfwaxgls.html HTTP/1.1" 404 739 "http://www.baidu.com" "Mozilla/5.0 (Windows NT 10.0; WOW64; Trident/7.0; rv:11.0) like Gecko"
154.85.204.110 - - [23/Apr/2026:10:16:07 +0800] "GET /196250vyflax.html HTTP/1.1" 301 162 "http://www.baidu.com" "Mozilla/5.0 (Windows NT 10.0; WOW64; Trident/7.0; rv:11.0) like Gecko"
154.85.204.110 - - [23/Apr/2026:10:16:07 +0800] "GET /196250vyflax.html HTTP/1.1" 404 739 "http://www.baidu.com" "Mozilla/5.0 (Windows NT 10.0; WOW64; Trident/7.0; rv:11.0) like Gecko"
171.82.58.39 - - [23/Apr/2026:10:16:54 +0800] "GET /qiyejianjie/ HTTP/1.1" 301 162 "-" "Mozilla/5.0 (Macintosh; Intel Mac OS X 10_2) AppleWebKit/537.36 (KHTML, like Gecko) Chrome/98.0.4691.94 Safari/537.36"
116.204.100.205 - - [23/Apr/2026:10:17:02 +0800] "GET /suidaolu/sdlhy/rhdsdl/265.html HTTP/1.1" 301 162 "-" "Mozilla/5.0 (Windows NT 10.0; Win64; x64) AppleWebKit/537.36 (KHTML, like Gecko) Chrome/145.0.0.0 Safari/537.36"
116.204.100.205 - - [23/Apr/2026:10:17:02 +0800] "GET /suidaolu/sdlhy/rhdsdl/265.html HTTP/2.0" 200 9061 "-" "Mozilla/5.0 (Windows NT 10.0; Win64; x64) AppleWebKit/537.36 (KHTML, like Gecko) Chrome/145.0.0.0 Safari/537.36"
211.162.133.225 - - [23/Apr/2026:10:17:06 +0800] "GET /gaodiwen/brshwlhf/ HTTP/1.1" 200 3864 "-" "Mozilla/5.0 (Windows NT 10.0; WOW64) AppleWebKit/537.36 (KHTML, like Gecko) Brave Chrome/87.0.4280.101 Safari/537.36"
119.126.114.129 - - [23/Apr/2026:10:17:11 +0800] "GET /gaowenlu/qfl/125.html HTTP/1.1" 301 162 "-" "Mozilla/5.0 (Macintosh; Intel Mac OS X 10_13_6) AppleWebKit/537.36 (KHTML, like Gecko) Brave Chrome/80.0.3987.87 Safari/537.36"
119.126.114.129 - - [23/Apr/2026:10:17:12 +0800] "GET /gaowenlu/qfl/125.html HTTP/1.1" 200 8237 "-" "Mozilla/5.0 (Macintosh; Intel Mac OS X 10_13_6) AppleWebKit/537.36 (KHTML, like Gecko) Brave Chrome/80.0.3987.87 Safari/537.36"
154.85.196.218 - - [23/Apr/2026:10:19:19 +0800] "GET /mrkoflez.html HTTP/1.1" 301 162 "http://www.baidu.com" "Mozilla/5.0 (Windows NT 10.0; WOW64; Trident/7.0; rv:11.0) like Gecko"
154.85.196.218 - - [23/Apr/2026:10:19:19 +0800] "GET /mrkoflez.html HTTP/1.1" 404 739 "http://www.baidu.com" "Mozilla/5.0 (Windows NT 10.0; WOW64; Trident/7.0; rv:11.0) like Gecko"
154.85.196.218 - - [23/Apr/2026:10:19:21 +0800] "GET /mrkoflez.html HTTP/1.1" 301 162 "http://www.baidu.com" "Mozilla/5.0 (Windows NT 10.0; WOW64; Trident/7.0; rv:11.0) like Gecko"
154.85.196.218 - - [23/Apr/2026:10:19:21 +0800] "GET /mrkoflez.html HTTP/1.1" 404 739 "http://www.baidu.com" "Mozilla/5.0 (Windows NT 10.0; WOW64; Trident/7.0; rv:11.0) like Gecko"
43.153.36.110 - - [23/Apr/2026:10:19:34 +0800] "GET /suidaolu/sdlpz/ HTTP/1.1" 200 4718 "-" "Mozilla/5.0 (iPhone; CPU iPhone OS 13_2_3 like Mac OS X) AppleWebKit/605.1.15 (KHTML, like Gecko) Version/13.0.3 Mobile/15E148 Safari/604.1"
23.234.21.2 - - [23/Apr/2026:10:19:47 +0800] "GET /075986xgb2mc.html HTTP/1.1" 301 162 "http://www.baidu.com" "Mozilla/5.0 (Windows NT 10.0; WOW64; Trident/7.0; rv:11.0) like Gecko"
23.234.21.2 - - [23/Apr/2026:10:19:47 +0800] "GET /075986xgb2mc.html HTTP/1.1" 404 739 "http://www.baidu.com" "Mozilla/5.0 (Windows NT 10.0; WOW64; Trident/7.0; rv:11.0) like Gecko"
23.234.7.166 - - [23/Apr/2026:10:19:50 +0800] "GET /gcvhkyom.html HTTP/1.1" 301 162 "http://www.baidu.com" "Mozilla/5.0 (Windows NT 10.0; WOW64; Trident/7.0; rv:11.0) like Gecko"
23.234.7.166 - - [23/Apr/2026:10:19:50 +0800] "GET /gcvhkyom.html HTTP/1.1" 404 739 "http://www.baidu.com" "Mozilla/5.0 (Windows NT 10.0; WOW64; Trident/7.0; rv:11.0) like Gecko"
23.234.21.2 - - [23/Apr/2026:10:19:57 +0800] "GET /075986xgb2mc.html HTTP/1.1" 301 162 "http://www.baidu.com" "Mozilla/5.0 (Windows NT 10.0; WOW64; Trident/7.0; rv:11.0) like Gecko"
23.234.21.2 - - [23/Apr/2026:10:19:57 +0800] "GET /075986xgb2mc.html HTTP/1.1" 404 739 "http://www.baidu.com" "Mozilla/5.0 (Windows NT 10.0; WOW64; Trident/7.0; rv:11.0) like Gecko"
